Last updated on 2025-04-29 06:49:48 CEST.
Flavor | Version | Tinstall | Tcheck | Ttotal | Status | Flags |
---|---|---|---|---|---|---|
r-devel-linux-x86_64-debian-clang | 0.2.3 | 10.02 | 143.00 | 153.02 | OK | |
r-devel-linux-x86_64-debian-gcc | 0.2.3 | 7.02 | 99.28 | 106.30 | NOTE | |
r-devel-linux-x86_64-fedora-clang | 0.2.3 | 235.12 | OK | |||
r-devel-linux-x86_64-fedora-gcc | 0.2.3 | 249.47 | OK | |||
r-devel-windows-x86_64 | 0.2.3 | 11.00 | 156.00 | 167.00 | OK | |
r-patched-linux-x86_64 | 0.2.3 | 9.56 | 137.47 | 147.03 | OK | |
r-release-linux-x86_64 | 0.2.3 | 8.02 | 138.04 | 146.06 | OK | |
r-release-macos-arm64 | 0.2.3 | 85.00 | OK | |||
r-release-macos-x86_64 | 0.2.3 | 150.00 | OK | |||
r-release-windows-x86_64 | 0.2.3 | 11.00 | 157.00 | 168.00 | OK | |
r-oldrel-macos-arm64 | 0.2.3 | 71.00 | OK | |||
r-oldrel-macos-x86_64 | 0.2.3 | 114.00 | OK | |||
r-oldrel-windows-x86_64 | 0.2.3 | 13.00 | 200.00 | 213.00 | OK |
Version: 0.2.3
Check: CRAN incoming feasibility
Result: NOTE
Maintainer: ‘William George Underwood <wgu2@princeton.edu>’
The Description field contains
and Cucuringu (2020) <arXiv:2004.01293>.
Please refer to arXiv e-prints via their arXiv DOI <doi:10.48550/arXiv.YYMM.NNNNN>.
Flavor: r-devel-linux-x86_64-debian-gcc