Last updated on 2025-04-28 18:50:15 CEST.
Flavor | Version | Tinstall | Tcheck | Ttotal | Status | Flags |
---|---|---|---|---|---|---|
r-devel-linux-x86_64-debian-clang | 3.1 | 3.95 | 423.36 | 427.31 | OK | |
r-devel-linux-x86_64-debian-gcc | 3.1 | 2.56 | 236.27 | 238.83 | NOTE | |
r-devel-linux-x86_64-fedora-clang | 3.1 | 687.95 | OK | |||
r-devel-linux-x86_64-fedora-gcc | 3.1 | 709.61 | OK | |||
r-devel-windows-x86_64 | 3.1 | 4.00 | 345.00 | 349.00 | OK | |
r-patched-linux-x86_64 | 3.1 | 3.85 | 405.45 | 409.30 | OK | |
r-release-linux-x86_64 | 3.1 | 3.69 | 394.01 | 397.70 | OK | |
r-release-macos-arm64 | 3.1 | 135.00 | OK | |||
r-release-macos-x86_64 | 3.1 | 371.00 | OK | |||
r-release-windows-x86_64 | 3.1 | 4.00 | 344.00 | 348.00 | OK | |
r-oldrel-macos-arm64 | 3.1 | 127.00 | OK | |||
r-oldrel-macos-x86_64 | 3.1 | 325.00 | OK | |||
r-oldrel-windows-x86_64 | 3.1 | 5.00 | 493.00 | 498.00 | OK |
Version: 3.1
Check: CRAN incoming feasibility
Result: NOTE
Maintainer: ‘Atsushi Kawaguchi <kawa_a24@yahoo.co.jp>’
No Authors@R field in DESCRIPTION.
Please add one, modifying
Authors@R: person(given = "Atsushi",
family = "Kawaguchi",
role = c("aut", "cre"),
email = "kawa_a24@yahoo.co.jp")
as necessary.
Flavor: r-devel-linux-x86_64-debian-gcc