Last updated on 2025-04-29 06:49:48 CEST.
Flavor | Version | Tinstall | Tcheck | Ttotal | Status | Flags |
---|---|---|---|---|---|---|
r-devel-linux-x86_64-debian-clang | 1.2.3 | 2.43 | 22.58 | 25.01 | OK | |
r-devel-linux-x86_64-debian-gcc | 1.2.3 | 1.87 | 17.90 | 19.77 | NOTE | |
r-devel-linux-x86_64-fedora-clang | 1.2.3 | 38.76 | OK | |||
r-devel-linux-x86_64-fedora-gcc | 1.2.3 | 39.56 | OK | |||
r-devel-windows-x86_64 | 1.2.3 | 3.00 | 44.00 | 47.00 | OK | |
r-patched-linux-x86_64 | 1.2.3 | 2.34 | 22.43 | 24.77 | OK | |
r-release-linux-x86_64 | 1.2.3 | 2.17 | 22.12 | 24.29 | OK | |
r-release-macos-arm64 | 1.2.3 | 16.00 | OK | |||
r-release-macos-x86_64 | 1.2.3 | 36.00 | OK | |||
r-release-windows-x86_64 | 1.2.3 | 3.00 | 44.00 | 47.00 | OK | |
r-oldrel-macos-arm64 | 1.2.3 | 16.00 | OK | |||
r-oldrel-macos-x86_64 | 1.2.3 | 26.00 | OK | |||
r-oldrel-windows-x86_64 | 1.2.3 | 4.00 | 51.00 | 55.00 | OK |
Version: 1.2.3
Check: CRAN incoming feasibility
Result: NOTE
Maintainer: ‘Nathaniel Graham <npgraham1@gmail.com>’
No Authors@R field in DESCRIPTION.
Please add one, modifying
Authors@R: c(person(given = "Nathaniel",
family = "Graham",
role = c("aut", "cre"),
email = "npgraham1@gmail.com"),
person(given = "Mahmood",
family = "Arai",
role = "aut"),
person(given = "Björn",
family = "Hagströmer",
role = "aut"))
as necessary.
Flavor: r-devel-linux-x86_64-debian-gcc