Last updated on 2025-04-28 18:50:15 CEST.
Flavor | Version | Tinstall | Tcheck | Ttotal | Status | Flags |
---|---|---|---|---|---|---|
r-devel-linux-x86_64-debian-clang | 0.1-12 | 10.32 | 82.48 | 92.80 | OK | |
r-devel-linux-x86_64-debian-gcc | 0.1-12 | 6.57 | 61.37 | 67.94 | NOTE | |
r-devel-linux-x86_64-fedora-clang | 0.1-12 | 151.30 | OK | |||
r-devel-linux-x86_64-fedora-gcc | 0.1-12 | 140.42 | OK | |||
r-devel-windows-x86_64 | 0.1-12 | 11.00 | 91.00 | 102.00 | OK | |
r-patched-linux-x86_64 | 0.1-12 | 10.07 | 82.55 | 92.62 | OK | |
r-release-linux-x86_64 | 0.1-12 | 8.41 | 79.58 | 87.99 | OK | |
r-release-macos-arm64 | 0.1-12 | 49.00 | OK | |||
r-release-macos-x86_64 | 0.1-12 | 92.00 | OK | |||
r-release-windows-x86_64 | 0.1-12 | 11.00 | 88.00 | 99.00 | OK | |
r-oldrel-macos-arm64 | 0.1-12 | 44.00 | OK | |||
r-oldrel-macos-x86_64 | 0.1-12 | 66.00 | OK | |||
r-oldrel-windows-x86_64 | 0.1-12 | 13.00 | 117.00 | 130.00 | OK |
Version: 0.1-12
Check: CRAN incoming feasibility
Result: NOTE
Maintainer: ‘Kornelius Rohmeyer <rohmeyer@small-projects.de>’
No Authors@R field in DESCRIPTION.
Please add one, modifying
Authors@R: c(person(given = c("MuToss", "Coding"),
family = "Team",
role = "aut",
comment = "Berlin 2010"),
person(given = "Gilles",
family = "Blanchard",
role = "aut"),
person(given = "Thorsten",
family = "Dickhaus",
role = "aut"),
person(given = "Niklas",
family = "Hack",
role = "aut"),
person(given = "Frank",
family = "Konietschke",
role = "aut"),
person(given = "Kornelius",
family = "Rohmeyer",
role = c("aut", "cre"),
email = "rohmeyer@small-projects.de"),
person(given = "Jonathan",
family = "Rosenblatt",
role = "aut"),
person(given = "Marsel",
family = "Scheer",
role = "aut"),
person(given = "Wiebke",
family = "Werft",
role = "aut"))
as necessary.
Flavor: r-devel-linux-x86_64-debian-gcc