CRAN Package Check Results for Package mvQuad

Last updated on 2025-04-28 18:50:15 CEST.

Flavor Version Tinstall Tcheck Ttotal Status Flags
r-devel-linux-x86_64-debian-clang 1.0-8 2.85 35.65 38.50 NOTE
r-devel-linux-x86_64-debian-gcc 1.0-8 2.13 27.14 29.27 NOTE
r-devel-linux-x86_64-fedora-clang 1.0-8 58.98 OK
r-devel-linux-x86_64-fedora-gcc 1.0-8 69.14 OK
r-devel-windows-x86_64 1.0-8 4.00 57.00 61.00 OK
r-patched-linux-x86_64 1.0-8 3.08 33.31 36.39 NOTE
r-release-linux-x86_64 1.0-8 2.59 33.40 35.99 NOTE
r-release-macos-arm64 1.0-8 30.00 OK
r-release-macos-x86_64 1.0-8 50.00 OK
r-release-windows-x86_64 1.0-8 5.00 55.00 60.00 OK
r-oldrel-macos-arm64 1.0-8 42.00 OK
r-oldrel-macos-x86_64 1.0-8 42.00 OK
r-oldrel-windows-x86_64 1.0-8 4.00 61.00 65.00 OK

Check Details

Version: 1.0-8
Check: for unstated dependencies in ‘demo’
Result: NOTE 'library' or 'require' call not declared from: ‘mvtnorm’ Flavors: r-devel-linux-x86_64-debian-clang, r-devel-linux-x86_64-debian-gcc, r-patched-linux-x86_64, r-release-linux-x86_64

Version: 1.0-8
Check: CRAN incoming feasibility
Result: NOTE Maintainer: ‘Constantin Weiser <constantin.weiser@gmail.com>’ No Authors@R field in DESCRIPTION. Please add one, modifying Authors@R: person(given = "Constantin", family = "Weiser", role = c("aut", "cre"), email = "constantin.weiser@gmail.com", comment = "University Mainz / Germany") as necessary. Flavor: r-devel-linux-x86_64-debian-gcc