CRAN Package Check Results for Package mwa

Last updated on 2025-05-05 18:50:11 CEST.

Flavor Version Tinstall Tcheck Ttotal Status Flags
r-devel-linux-x86_64-debian-clang 0.4.4 6.99 52.64 59.63 NOTE
r-devel-linux-x86_64-debian-gcc 0.4.4 5.52 40.14 45.66 NOTE
r-devel-linux-x86_64-fedora-clang 0.4.4 95.32 OK
r-devel-linux-x86_64-fedora-gcc 0.4.4 97.03 OK
r-devel-windows-x86_64 0.4.4 7.00 61.00 68.00 NOTE
r-patched-linux-x86_64 0.4.4 7.63 49.26 56.89 NOTE
r-release-linux-x86_64 0.4.4 7.03 49.44 56.47 NOTE
r-release-macos-arm64 0.4.4 47.00 OK
r-release-macos-x86_64 0.4.4 63.00 OK
r-release-windows-x86_64 0.4.4 8.00 67.00 75.00 NOTE
r-oldrel-macos-arm64 0.4.4 42.00 OK
r-oldrel-macos-x86_64 0.4.4 51.00 OK
r-oldrel-windows-x86_64 0.4.4 10.00 73.00 83.00 OK

Check Details

Version: 0.4.4
Check: CRAN incoming feasibility
Result: NOTE Maintainer: ‘Sebastian Schutte <schuttesebastian@gmail.com>’ No Authors@R field in DESCRIPTION. Please add one, modifying Authors@R: c(person(given = "Sebastian", family = "Schutte", role = c("aut", "cre"), email = "schuttesebastian@gmail.com"), person(given = "Karsten", family = "Donnay", role = "aut")) as necessary. Flavors: r-devel-linux-x86_64-debian-clang, r-devel-linux-x86_64-debian-gcc

Version: 0.4.4
Check: Rd cross-references
Result: NOTE Found the following Rd file(s) with Rd \link{} targets missing package anchors: matchedwake.Rd: cem, att, glm.nb slideWakeMatch.Rd: cem, att, glm.nb Please provide package anchors for all Rd \link{} targets not in the package itself and the base packages. Flavors: r-devel-linux-x86_64-debian-clang, r-devel-linux-x86_64-debian-gcc, r-devel-windows-x86_64, r-patched-linux-x86_64, r-release-linux-x86_64, r-release-windows-x86_64