Last updated on 2025-07-04 07:49:34 CEST.
Flavor | Version | Tinstall | Tcheck | Ttotal | Status | Flags |
---|---|---|---|---|---|---|
r-devel-linux-x86_64-debian-clang | 2.1.0 | 3.35 | 38.37 | 41.72 | OK | |
r-devel-linux-x86_64-debian-gcc | 2.1.0 | 2.48 | 29.59 | 32.07 | OK | |
r-devel-linux-x86_64-fedora-clang | 2.1.0 | 65.56 | OK | |||
r-devel-linux-x86_64-fedora-gcc | 2.1.0 | 76.14 | OK | |||
r-devel-windows-x86_64 | 2.1.0 | 5.00 | 56.00 | 61.00 | OK | |
r-patched-linux-x86_64 | 2.1.0 | 3.51 | 36.21 | 39.72 | OK | |
r-release-linux-x86_64 | 2.1.0 | 3.13 | 36.87 | 40.00 | OK | |
r-release-macos-arm64 | 2.1.0 | 46.00 | OK | |||
r-release-macos-x86_64 | 2.1.0 | 88.00 | OK | |||
r-release-windows-x86_64 | 2.1.0 | 5.00 | 58.00 | 63.00 | OK | |
r-oldrel-macos-arm64 | 2.1.0 | 32.00 | NOTE | |||
r-oldrel-macos-x86_64 | 2.1.0 | 45.00 | NOTE | |||
r-oldrel-windows-x86_64 | 2.1.0 | 6.00 | 65.00 | 71.00 | NOTE |
Version: 2.1.0
Check: LazyData
Result: NOTE
'LazyData' is specified without a 'data' directory
Flavors: r-oldrel-macos-arm64, r-oldrel-macos-x86_64, r-oldrel-windows-x86_64