CRAN Package Check Results for Package mzipmed

Last updated on 2025-07-04 07:49:34 CEST.

Flavor Version Tinstall Tcheck Ttotal Status Flags
r-devel-linux-x86_64-debian-clang 1.4.0 18.59 67.63 86.22 NOTE
r-devel-linux-x86_64-debian-gcc 1.4.0 10.10 43.81 53.91 NOTE
r-devel-linux-x86_64-fedora-clang 1.4.0 136.31 NOTE
r-devel-linux-x86_64-fedora-gcc 1.4.0 146.21 NOTE
r-devel-windows-x86_64 1.4.0 15.00 82.00 97.00 NOTE
r-patched-linux-x86_64 1.4.0 17.81 63.46 81.27 NOTE
r-release-linux-x86_64 1.4.0 16.92 63.07 79.99 NOTE
r-release-macos-arm64 1.4.0 38.00 NOTE
r-release-macos-x86_64 1.4.0 128.00 NOTE
r-release-windows-x86_64 1.4.0 16.00 88.00 104.00 NOTE
r-oldrel-macos-arm64 1.4.0 39.00 NOTE
r-oldrel-macos-x86_64 1.4.0 62.00 NOTE
r-oldrel-windows-x86_64 1.4.0 22.00 100.00 122.00 NOTE

Check Details

Version: 1.4.0
Check: Rd files
Result: NOTE checkRd: (-1) mzipmed_data.Rd:22: Lost braces; missing escapes or markup? 22 | @source {Simulated to serve as an example} | ^ Flavors: r-devel-linux-x86_64-debian-clang, r-devel-linux-x86_64-debian-gcc, r-devel-linux-x86_64-fedora-clang, r-devel-linux-x86_64-fedora-gcc, r-devel-windows-x86_64, r-patched-linux-x86_64, r-release-linux-x86_64, r-release-macos-arm64, r-release-macos-x86_64, r-release-windows-x86_64, r-oldrel-macos-arm64, r-oldrel-macos-x86_64, r-oldrel-windows-x86_64