CRAN Package Check Results for Package nandb

Last updated on 2025-04-28 18:50:15 CEST.

Flavor Version Tinstall Tcheck Ttotal Status Flags
r-devel-linux-x86_64-debian-clang 2.1.0 26.25 188.18 214.43 OK
r-devel-linux-x86_64-debian-gcc 2.1.0 17.75 138.56 156.31 NOTE
r-devel-linux-x86_64-fedora-clang 2.1.0 345.74 OK
r-devel-linux-x86_64-fedora-gcc 2.1.0 353.15 OK
r-devel-windows-x86_64 2.1.0 34.00 229.00 263.00 OK
r-patched-linux-x86_64 2.1.0 27.82 181.18 209.00 OK
r-release-linux-x86_64 2.1.0 25.29 184.17 209.46 OK
r-release-macos-arm64 2.1.0 97.00 OK
r-release-macos-x86_64 2.1.0 169.00 OK
r-release-windows-x86_64 2.1.0 31.00 226.00 257.00 OK
r-oldrel-macos-arm64 2.1.0 92.00 OK
r-oldrel-macos-x86_64 2.1.0 127.00 OK
r-oldrel-windows-x86_64 2.1.0 38.00 243.00 281.00 OK

Check Details

Version: 2.1.0
Check: CRAN incoming feasibility
Result: NOTE Maintainer: ‘Rory Nolan <rorynoolan@gmail.com>’ Package CITATION file contains call(s) to old-style personList() or as.personList(). Please use c() on person objects instead. Package CITATION file contains call(s) to old-style citEntry(). Please use bibentry() instead. Flavor: r-devel-linux-x86_64-debian-gcc