Last updated on 2025-04-28 18:50:15 CEST.
Flavor | Version | Tinstall | Tcheck | Ttotal | Status | Flags |
---|---|---|---|---|---|---|
r-devel-linux-x86_64-debian-clang | 1.0.0 | 2.52 | 18.75 | 21.27 | OK | |
r-devel-linux-x86_64-debian-gcc | 1.0.0 | 1.77 | 15.03 | 16.80 | NOTE | |
r-devel-linux-x86_64-fedora-clang | 1.0.0 | 34.32 | OK | |||
r-devel-linux-x86_64-fedora-gcc | 1.0.0 | 32.26 | OK | |||
r-devel-windows-x86_64 | 1.0.0 | 4.00 | 42.00 | 46.00 | OK | |
r-patched-linux-x86_64 | 1.0.0 | 2.37 | 18.23 | 20.60 | OK | |
r-release-linux-x86_64 | 1.0.0 | 2.40 | 18.34 | 20.74 | OK | |
r-release-macos-arm64 | 1.0.0 | 15.00 | OK | |||
r-release-macos-x86_64 | 1.0.0 | 27.00 | OK | |||
r-release-windows-x86_64 | 1.0.0 | 4.00 | 54.00 | 58.00 | OK | |
r-oldrel-macos-arm64 | 1.0.0 | 17.00 | OK | |||
r-oldrel-macos-x86_64 | 1.0.0 | 24.00 | OK | |||
r-oldrel-windows-x86_64 | 1.0.0 | 3.00 | 38.00 | 41.00 | OK |
Version: 1.0.0
Check: CRAN incoming feasibility
Result: NOTE
Maintainer: ‘Timothy Koscik <timothy-koscik@uiowa.edu>’
No Authors@R field in DESCRIPTION.
Please add one, modifying
Authors@R: c(person(given = c("Timothy", "R."),
family = "Koscik",
role = c("aut", "cre", "cph")),
person(given = "Timothy",
family = "Koscik",
role = "cre",
email = "timothy-koscik@uiowa.edu"))
as necessary.
Flavor: r-devel-linux-x86_64-debian-gcc