Last updated on 2025-04-28 18:50:16 CEST.
Flavor | Version | Tinstall | Tcheck | Ttotal | Status | Flags |
---|---|---|---|---|---|---|
r-devel-linux-x86_64-debian-clang | 1.0-11.1 | 4.62 | 21.35 | 25.97 | OK | |
r-devel-linux-x86_64-debian-gcc | 1.0-11.1 | 3.06 | 17.46 | 20.52 | NOTE | |
r-devel-linux-x86_64-fedora-clang | 1.0-11.1 | 40.75 | OK | |||
r-devel-linux-x86_64-fedora-gcc | 1.0-11.1 | 38.13 | OK | |||
r-devel-windows-x86_64 | 1.0-11.1 | 7.00 | 49.00 | 56.00 | OK | |
r-patched-linux-x86_64 | 1.0-11.1 | 4.31 | 21.05 | 25.36 | OK | |
r-release-linux-x86_64 | 1.0-11.1 | 3.82 | 20.56 | 24.38 | OK | |
r-release-macos-arm64 | 1.0-11.1 | 20.00 | OK | |||
r-release-macos-x86_64 | 1.0-11.1 | 43.00 | OK | |||
r-release-windows-x86_64 | 1.0-11.1 | 7.00 | 54.00 | 61.00 | OK | |
r-oldrel-macos-arm64 | 1.0-11.1 | 21.00 | OK | |||
r-oldrel-macos-x86_64 | 1.0-11.1 | 25.00 | OK | |||
r-oldrel-windows-x86_64 | 1.0-11.1 | 7.00 | 46.00 | 53.00 | OK |
Version: 1.0-11.1
Check: CRAN incoming feasibility
Result: NOTE
Maintainer: ‘John Fox <jfox@mcmaster.ca>’
No Authors@R field in DESCRIPTION.
Please add one, modifying
Authors@R: c(person(given = c("Ported", "to", "R", "by", "Alvaro", "A.", "Novo.", "Original", "by", "Joseph", "L.", "Schafer"),
family = "<jls@stat.psu.edu>.",
role = "aut",
email = "jls@stat.psu.edu"),
person(given = "John",
family = "Fox",
role = "cre",
email = "jfox@mcmaster.ca"))
as necessary.
Flavor: r-devel-linux-x86_64-debian-gcc