Last updated on 2025-04-28 18:50:16 CEST.
Flavor | Version | Tinstall | Tcheck | Ttotal | Status | Flags |
---|---|---|---|---|---|---|
r-devel-linux-x86_64-debian-clang | 2016.8-1.1 | 1.91 | 27.43 | 29.34 | OK | |
r-devel-linux-x86_64-debian-gcc | 2016.8-1.1 | 1.59 | 22.33 | 23.92 | NOTE | |
r-devel-linux-x86_64-fedora-clang | 2016.8-1.1 | 48.66 | OK | |||
r-devel-linux-x86_64-fedora-gcc | 2016.8-1.1 | 62.03 | OK | |||
r-devel-windows-x86_64 | 2016.8-1.1 | 3.00 | 57.00 | 60.00 | OK | |
r-patched-linux-x86_64 | 2016.8-1.1 | 1.99 | 26.78 | 28.77 | OK | |
r-release-linux-x86_64 | 2016.8-1.1 | 1.51 | 26.84 | 28.35 | OK | |
r-release-macos-arm64 | 2016.8-1.1 | 24.00 | OK | |||
r-release-macos-x86_64 | 2016.8-1.1 | 44.00 | OK | |||
r-release-windows-x86_64 | 2016.8-1.1 | 4.00 | 61.00 | 65.00 | OK | |
r-oldrel-macos-arm64 | 2016.8-1.1 | 26.00 | OK | |||
r-oldrel-macos-x86_64 | 2016.8-1.1 | 34.00 | OK | |||
r-oldrel-windows-x86_64 | 2016.8-1.1 | 3.00 | 55.00 | 58.00 | OK |
Version: 2016.8-1.1
Check: CRAN incoming feasibility
Result: NOTE
Maintainer: ‘Paul Gilbert <pgilbert.ttv9z@ncf.ca>’
No Authors@R field in DESCRIPTION.
Please add one, modifying
Authors@R: c(person(given = "Paul",
family = "Gilbert",
role = c("aut", "cre"),
email = "pgilbert.ttv9z@ncf.ca"),
person(given = "Ravi",
family = "Varadhan",
role = "aut"))
as necessary.
Flavor: r-devel-linux-x86_64-debian-gcc