CRAN Package Check Results for Package oaxaca

Last updated on 2025-07-04 19:50:25 CEST.

Flavor Version Tinstall Tcheck Ttotal Status Flags
r-devel-linux-x86_64-debian-clang 0.1.5 6.84 64.62 71.46 NOTE
r-devel-linux-x86_64-debian-gcc 0.1.5 4.26 48.12 52.38 NOTE
r-devel-linux-x86_64-fedora-clang 0.1.5 122.05 OK
r-devel-linux-x86_64-fedora-gcc 0.1.5 118.84 OK
r-devel-windows-x86_64 0.1.5 8.00 99.00 107.00 OK
r-patched-linux-x86_64 0.1.5 6.62 61.53 68.15 OK
r-release-linux-x86_64 0.1.5 6.50 61.39 67.89 OK
r-release-macos-arm64 0.1.5 40.00 OK
r-release-macos-x86_64 0.1.5 72.00 OK
r-release-windows-x86_64 0.1.5 8.00 101.00 109.00 OK
r-oldrel-macos-arm64 0.1.5 39.00 OK
r-oldrel-macos-x86_64 0.1.5 60.00 OK
r-oldrel-windows-x86_64 0.1.5 11.00 108.00 119.00 OK

Check Details

Version: 0.1.5
Check: CRAN incoming feasibility
Result: NOTE Maintainer: ‘Marek Hlavac <mhlavac@alumni.princeton.edu>’ No Authors@R field in DESCRIPTION. Please add one, modifying Authors@R: person(given = "Marek", family = "Hlavac", role = c("aut", "cre"), email = "mhlavac@alumni.princeton.edu") as necessary. Package CITATION file contains call(s) to old-style citEntry(). Please use bibentry() instead. Flavors: r-devel-linux-x86_64-debian-clang, r-devel-linux-x86_64-debian-gcc