CRAN Package Check Results for Package ocs4R

Last updated on 2025-07-04 19:50:25 CEST.

Flavor Version Tinstall Tcheck Ttotal Status Flags
r-devel-linux-x86_64-debian-clang 0.2-3 7.37 30.22 37.59 NOTE
r-devel-linux-x86_64-debian-gcc 0.2-3 5.16 24.90 30.06 NOTE
r-devel-linux-x86_64-fedora-clang 0.2-3 63.07 NOTE
r-devel-linux-x86_64-fedora-gcc 0.2-3 57.05 NOTE
r-devel-windows-x86_64 0.2-3 9.00 51.00 60.00 NOTE
r-patched-linux-x86_64 0.2-3 7.79 28.54 36.33 NOTE
r-release-linux-x86_64 0.2-3 7.07 28.69 35.76 NOTE
r-release-macos-arm64 0.2-3 23.00 NOTE
r-release-macos-x86_64 0.2-3 42.00 NOTE
r-release-windows-x86_64 0.2-3 9.00 50.00 59.00 NOTE
r-oldrel-macos-arm64 0.2-3 22.00 NOTE
r-oldrel-macos-x86_64 0.2-3 32.00 NOTE
r-oldrel-windows-x86_64 0.2-3 12.00 59.00 71.00 NOTE

Check Details

Version: 0.2-3
Check: Rd files
Result: NOTE checkRd: (-1) ocsApiUserProvisioningManager.Rd:87: Lost braces 87 | \item{code{addToGroup(userid, groupid)}}{ | ^ Flavors: r-devel-linux-x86_64-debian-clang, r-devel-linux-x86_64-debian-gcc, r-devel-linux-x86_64-fedora-clang, r-devel-linux-x86_64-fedora-gcc, r-devel-windows-x86_64, r-patched-linux-x86_64, r-release-linux-x86_64, r-release-macos-arm64, r-release-macos-x86_64, r-release-windows-x86_64, r-oldrel-macos-arm64, r-oldrel-macos-x86_64, r-oldrel-windows-x86_64

Version: 0.2-3
Check: Rd cross-references
Result: NOTE Found the following Rd file(s) with Rd \link{} targets missing package anchors: ocs4RLogger.Rd: R6Class ocsApiSharingManager.Rd: R6Class ocsApiUserProvisioningManager.Rd: R6Class ocsApiWebdavManager.Rd: R6Class ocsManager.Rd: R6Class ocsRequest.Rd: R6Class Please provide package anchors for all Rd \link{} targets not in the package itself and the base packages. Flavors: r-devel-linux-x86_64-debian-clang, r-devel-linux-x86_64-debian-gcc, r-devel-windows-x86_64, r-patched-linux-x86_64, r-release-linux-x86_64, r-release-windows-x86_64