Last updated on 2025-04-29 06:49:49 CEST.
Flavor | Version | Tinstall | Tcheck | Ttotal | Status | Flags |
---|---|---|---|---|---|---|
r-devel-linux-x86_64-debian-clang | 1.5 | 3.43 | 30.65 | 34.08 | OK | |
r-devel-linux-x86_64-debian-gcc | 1.5 | 2.25 | 24.69 | 26.94 | NOTE | |
r-devel-linux-x86_64-fedora-clang | 1.5 | 53.03 | OK | |||
r-devel-linux-x86_64-fedora-gcc | 1.5 | 50.84 | OK | |||
r-devel-windows-x86_64 | 1.5 | 4.00 | 56.00 | 60.00 | OK | |
r-patched-linux-x86_64 | 1.5 | 3.18 | 29.78 | 32.96 | OK | |
r-release-linux-x86_64 | 1.5 | 3.13 | 29.84 | 32.97 | OK | |
r-release-macos-arm64 | 1.5 | 23.00 | OK | |||
r-release-macos-x86_64 | 1.5 | 36.00 | OK | |||
r-release-windows-x86_64 | 1.5 | 4.00 | 57.00 | 61.00 | OK | |
r-oldrel-macos-arm64 | 1.5 | 19.00 | OK | |||
r-oldrel-macos-x86_64 | 1.5 | 29.00 | OK | |||
r-oldrel-windows-x86_64 | 1.5 | 6.00 | 57.00 | 63.00 | OK |
Version: 1.5
Check: CRAN incoming feasibility
Result: NOTE
Maintainer: ‘Muntashir-Al-Arefin <muntashir.a2i@gmail.com>’
No Authors@R field in DESCRIPTION.
Please add one, modifying
Authors@R: person(family = "Muntashir-Al-Arefin",
role = c("aut", "cre"),
email = "muntashir.a2i@gmail.com")
as necessary.
Flavor: r-devel-linux-x86_64-debian-gcc