CRAN Package Check Results for Package ontologyIndex

Last updated on 2025-04-28 18:50:16 CEST.

Flavor Version Tinstall Tcheck Ttotal Status Flags
r-devel-linux-x86_64-debian-clang 2.12 2.60 43.76 46.36 OK
r-devel-linux-x86_64-debian-gcc 2.12 1.84 33.97 35.81 NOTE
r-devel-linux-x86_64-fedora-clang 2.12 73.56 OK
r-devel-linux-x86_64-fedora-gcc 2.12 85.08 OK
r-devel-windows-x86_64 2.12 4.00 64.00 68.00 OK
r-patched-linux-x86_64 2.12 2.42 43.83 46.25 OK
r-release-linux-x86_64 2.12 1.97 43.64 45.61 OK
r-release-macos-arm64 2.12 32.00 OK
r-release-macos-x86_64 2.12 56.00 OK
r-release-windows-x86_64 2.12 4.00 64.00 68.00 OK
r-oldrel-macos-arm64 2.12 30.00 OK
r-oldrel-macos-x86_64 2.12 47.00 OK
r-oldrel-windows-x86_64 2.12 5.00 70.00 75.00 OK

Check Details

Version: 2.12
Check: CRAN incoming feasibility
Result: NOTE Maintainer: ‘Daniel Greene <dg333@cam.ac.uk>’ No Authors@R field in DESCRIPTION. Please add one, modifying Authors@R: person(given = "Daniel", family = "Greene", role = c("aut", "cre"), email = "dg333@cam.ac.uk") as necessary. Flavor: r-devel-linux-x86_64-debian-gcc