Last updated on 2025-07-03 07:50:43 CEST.
Flavor | Version | Tinstall | Tcheck | Ttotal | Status | Flags |
---|---|---|---|---|---|---|
r-devel-linux-x86_64-debian-clang | 1.0 | 8.46 | 79.40 | 87.86 | NOTE | |
r-devel-linux-x86_64-debian-gcc | 1.0 | 5.89 | 61.15 | 67.04 | NOTE | |
r-devel-linux-x86_64-fedora-clang | 1.0 | 135.69 | NOTE | |||
r-devel-linux-x86_64-fedora-gcc | 1.0 | 129.22 | NOTE | |||
r-devel-windows-x86_64 | 1.0 | 10.00 | 91.00 | 101.00 | OK | |
r-patched-linux-x86_64 | 1.0 | 8.37 | 76.72 | 85.09 | OK | |
r-release-linux-x86_64 | 1.0 | 8.49 | 77.04 | 85.53 | OK | |
r-release-macos-arm64 | 1.0 | 50.00 | OK | |||
r-release-macos-x86_64 | 1.0 | 80.00 | OK | |||
r-release-windows-x86_64 | 1.0 | 11.00 | 89.00 | 100.00 | OK | |
r-oldrel-macos-arm64 | 1.0 | 43.00 | OK | |||
r-oldrel-macos-x86_64 | 1.0 | 60.00 | OK | |||
r-oldrel-windows-x86_64 | 1.0 | 14.00 | 110.00 | 124.00 | OK |
Version: 1.0
Check: CRAN incoming feasibility
Result: NOTE
Maintainer: ‘Robin Wellmann <r.wellmann@uni-hohenheim.de>’
No Authors@R field in DESCRIPTION.
Please add one, modifying
Authors@R: person(given = "Robin",
family = "Wellmann",
role = c("aut", "cre"),
email = "r.wellmann@uni-hohenheim.de")
as necessary.
Flavors: r-devel-linux-x86_64-debian-clang, r-devel-linux-x86_64-debian-gcc
Version: 1.0
Check: dependencies in R code
Result: NOTE
Namespace in Imports field not imported from: ‘Matrix’
All declared Imports should be used.
Flavors: r-devel-linux-x86_64-fedora-clang, r-devel-linux-x86_64-fedora-gcc