Last updated on 2025-04-29 06:49:50 CEST.
Flavor | Version | Tinstall | Tcheck | Ttotal | Status | Flags |
---|---|---|---|---|---|---|
r-devel-linux-x86_64-debian-clang | 2.4 | 4.01 | 34.62 | 38.63 | OK | |
r-devel-linux-x86_64-debian-gcc | 2.4 | 3.26 | 26.90 | 30.16 | NOTE | |
r-devel-linux-x86_64-fedora-clang | 2.4 | 62.01 | OK | |||
r-devel-linux-x86_64-fedora-gcc | 2.4 | 58.50 | OK | |||
r-devel-windows-x86_64 | 2.4 | 6.00 | 56.00 | 62.00 | OK | |
r-patched-linux-x86_64 | 2.4 | 4.09 | 33.87 | 37.96 | OK | |
r-release-linux-x86_64 | 2.4 | 3.69 | 33.45 | 37.14 | OK | |
r-release-macos-arm64 | 2.4 | 24.00 | OK | |||
r-release-macos-x86_64 | 2.4 | 42.00 | OK | |||
r-release-windows-x86_64 | 2.4 | 6.00 | 59.00 | 65.00 | OK | |
r-oldrel-macos-arm64 | 2.4 | 19.00 | OK | |||
r-oldrel-macos-x86_64 | 2.4 | 32.00 | OK | |||
r-oldrel-windows-x86_64 | 2.4 | 7.00 | 64.00 | 71.00 | OK |
Version: 2.4
Check: CRAN incoming feasibility
Result: NOTE
Maintainer: ‘Edgar Bueno <edgar.bueno@stat.su.se>’
No Authors@R field in DESCRIPTION.
Please add one, modifying
Authors@R: person(given = "Edgar",
family = "Bueno",
role = c("aut", "cre"),
email = "edgar.bueno@stat.su.se")
as necessary.
Flavor: r-devel-linux-x86_64-debian-gcc