Last updated on 2025-04-29 18:50:49 CEST.
Flavor | Version | Tinstall | Tcheck | Ttotal | Status | Flags |
---|---|---|---|---|---|---|
r-devel-linux-x86_64-debian-clang | 1.0-9 | 12.42 | 31.95 | 44.37 | NOTE | |
r-devel-linux-x86_64-debian-gcc | 1.0-9 | 9.50 | 24.61 | 34.11 | NOTE | |
r-devel-linux-x86_64-fedora-clang | 1.0-9 | 79.06 | OK | |||
r-devel-linux-x86_64-fedora-gcc | 1.0-9 | 87.65 | OK | |||
r-devel-windows-x86_64 | 1.0-9 | 15.00 | 67.00 | 82.00 | OK | |
r-patched-linux-x86_64 | 1.0-9 | 12.90 | 30.90 | 43.80 | OK | |
r-release-linux-x86_64 | 1.0-9 | 12.61 | 30.72 | 43.33 | OK | |
r-release-macos-arm64 | 1.0-9 | 30.00 | OK | |||
r-release-macos-x86_64 | 1.0-9 | 53.00 | OK | |||
r-release-windows-x86_64 | 1.0-9 | 15.00 | 70.00 | 85.00 | OK | |
r-oldrel-macos-arm64 | 1.0-9 | 28.00 | OK | |||
r-oldrel-macos-x86_64 | 1.0-9 | 50.00 | OK | |||
r-oldrel-windows-x86_64 | 1.0-9 | 16.00 | 79.00 | 95.00 | OK |
Version: 1.0-9
Check: CRAN incoming feasibility
Result: NOTE
Maintainer: ‘Kai Husmann <kai.husmann@uni-goettingen.de>’
Package CITATION file contains call(s) to old-style citEntry(). Please
use bibentry() instead.
Flavors: r-devel-linux-x86_64-debian-clang, r-devel-linux-x86_64-debian-gcc