CRAN Package Check Results for Package optional

Last updated on 2025-04-28 18:50:16 CEST.

Flavor Version Tinstall Tcheck Ttotal Status Flags
r-devel-linux-x86_64-debian-clang 2.0.1 1.78 22.42 24.20 OK
r-devel-linux-x86_64-debian-gcc 2.0.1 1.32 19.17 20.49 NOTE
r-devel-linux-x86_64-fedora-clang 2.0.1 39.55 OK
r-devel-linux-x86_64-fedora-gcc 2.0.1 51.65 OK
r-devel-windows-x86_64 2.0.1 3.00 44.00 47.00 OK
r-patched-linux-x86_64 2.0.1 1.75 22.09 23.84 OK
r-release-linux-x86_64 2.0.1 1.55 21.93 23.48 OK
r-release-macos-arm64 2.0.1 23.00 OK
r-release-macos-x86_64 2.0.1 39.00 OK
r-release-windows-x86_64 2.0.1 4.00 46.00 50.00 OK
r-oldrel-macos-arm64 2.0.1 25.00 OK
r-oldrel-macos-x86_64 2.0.1 29.00 OK
r-oldrel-windows-x86_64 2.0.1 3.00 48.00 51.00 OK

Check Details

Version: 2.0.1
Check: CRAN incoming feasibility
Result: NOTE Maintainer: ‘Antoine Champion <antoine.champion@outlook.com>’ No Authors@R field in DESCRIPTION. Please add one, modifying Authors@R: person(given = "Antoine", family = "Champion", role = c("aut", "cre"), email = "antoine.champion@outlook.com") as necessary. Flavor: r-devel-linux-x86_64-debian-gcc