Last updated on 2025-04-28 18:50:16 CEST.
Flavor | Version | Tinstall | Tcheck | Ttotal | Status | Flags |
---|---|---|---|---|---|---|
r-devel-linux-x86_64-fedora-gcc | 0.18.2 | 238.39 | OK | |||
r-release-macos-arm64 | 0.18.2 | 55.00 | OK | |||
r-release-macos-x86_64 | 0.18.2 | 109.00 | OK | |||
r-oldrel-macos-arm64 | 0.18.2 | 54.00 | OK | |||
r-oldrel-macos-x86_64 | 0.10.2 | 118.00 | NOTE |
Version: 0.10.2
Check: installed package size
Result: NOTE
installed size is 9.0Mb
sub-directories of 1Mb or more:
libs 8.8Mb
Flavor: r-oldrel-macos-x86_64