Last updated on 2025-07-04 19:50:25 CEST.
Flavor | Version | Tinstall | Tcheck | Ttotal | Status | Flags |
---|---|---|---|---|---|---|
r-devel-linux-x86_64-debian-clang | 0.1.2 | 11.77 | 122.79 | 134.56 | OK | |
r-devel-linux-x86_64-debian-gcc | 0.1.2 | 7.93 | 81.42 | 89.35 | OK | |
r-devel-linux-x86_64-fedora-clang | 0.1.2 | 133.83 | OK | |||
r-devel-linux-x86_64-fedora-gcc | 0.1.2 | 144.28 | OK | |||
r-devel-windows-x86_64 | 0.1.2 | 16.00 | 133.00 | 149.00 | OK | |
r-patched-linux-x86_64 | 0.1.1 | 12.80 | 112.39 | 125.19 | NOTE | |
r-release-linux-x86_64 | 0.1.1 | 10.73 | 111.48 | 122.21 | NOTE | |
r-release-macos-arm64 | 0.1.1 | 62.00 | NOTE | |||
r-release-macos-x86_64 | 0.1.2 | 125.00 | OK | |||
r-release-windows-x86_64 | 0.1.2 | 14.00 | 131.00 | 145.00 | OK | |
r-oldrel-macos-arm64 | 0.1.1 | 59.00 | NOTE | |||
r-oldrel-macos-x86_64 | 0.1.2 | 131.00 | OK | |||
r-oldrel-windows-x86_64 | 0.1.2 | 17.00 | 167.00 | 184.00 | OK |
Version: 0.1.1
Check: Rd files
Result: NOTE
checkRd: (-1) lra-ord.Rd:54: Lost braces in \itemize; \value handles \item{}{} directly
checkRd: (-1) lra-ord.Rd:55-56: Lost braces in \itemize; \value handles \item{}{} directly
checkRd: (-1) lra-ord.Rd:57-58: Lost braces in \itemize; \value handles \item{}{} directly
checkRd: (-1) lra-ord.Rd:59: Lost braces in \itemize; \value handles \item{}{} directly
checkRd: (-1) lra-ord.Rd:60: Lost braces in \itemize; \value handles \item{}{} directly
Flavors: r-patched-linux-x86_64, r-release-linux-x86_64, r-release-macos-arm64, r-oldrel-macos-arm64
Version: 0.1.1
Check: Rd cross-references
Result: NOTE
Found the following Rd file(s) with Rd \link{} targets missing package
anchors:
ordinate.Rd: tidyr_tidy_select
supplementation.Rd: fortify
tbl_ord.Rd: fortify
Please provide package anchors for all Rd \link{} targets not in the
package itself and the base packages.
Flavors: r-patched-linux-x86_64, r-release-linux-x86_64