Last updated on 2025-04-28 18:50:16 CEST.
Flavor | Version | Tinstall | Tcheck | Ttotal | Status | Flags |
---|---|---|---|---|---|---|
r-devel-linux-x86_64-debian-clang | 0.2.1 | 6.54 | 66.08 | 72.62 | OK | |
r-devel-linux-x86_64-debian-gcc | 0.2.1 | 5.00 | 47.96 | 52.96 | NOTE | |
r-devel-linux-x86_64-fedora-clang | 0.2.1 | 116.97 | OK | |||
r-devel-linux-x86_64-fedora-gcc | 0.2.1 | 113.56 | OK | |||
r-devel-windows-x86_64 | 0.2.1 | 7.00 | 81.00 | 88.00 | OK | |
r-patched-linux-x86_64 | 0.2.1 | 6.34 | 64.26 | 70.60 | OK | |
r-release-linux-x86_64 | 0.2.1 | 6.75 | 63.77 | 70.52 | OK | |
r-release-macos-arm64 | 0.2.1 | 41.00 | OK | |||
r-release-macos-x86_64 | 0.2.1 | 83.00 | OK | |||
r-release-windows-x86_64 | 0.2.1 | 8.00 | 83.00 | 91.00 | OK | |
r-oldrel-macos-arm64 | 0.2.1 | 36.00 | OK | |||
r-oldrel-macos-x86_64 | 0.2.1 | 57.00 | OK | |||
r-oldrel-windows-x86_64 | 0.2.1 | 10.00 | 100.00 | 110.00 | OK |
Version: 0.2.1
Check: CRAN incoming feasibility
Result: NOTE
Maintainer: ‘Junwen Xia <xiajunwen@ruc.edu.cn>’
The Description field contains
available (Xia, J., Zhan, Z., Zhang, J. (2022) <arXiv:2210.05538>).
Please refer to arXiv e-prints via their arXiv DOI <doi:10.48550/arXiv.YYMM.NNNNN>.
Flavor: r-devel-linux-x86_64-debian-gcc