Last updated on 2025-04-28 18:50:17 CEST.
Flavor | Version | Tinstall | Tcheck | Ttotal | Status | Flags |
---|---|---|---|---|---|---|
r-devel-linux-x86_64-debian-clang | 0.2-1 | 8.78 | 72.02 | 80.80 | NOTE | |
r-devel-linux-x86_64-debian-gcc | 0.2-1 | 6.52 | 53.56 | 60.08 | NOTE | |
r-devel-linux-x86_64-fedora-clang | 0.2-1 | 128.25 | NOTE | |||
r-devel-linux-x86_64-fedora-gcc | 0.2-1 | 121.50 | NOTE | |||
r-devel-windows-x86_64 | 0.2-1 | 9.00 | 85.00 | 94.00 | NOTE | |
r-patched-linux-x86_64 | 0.2-1 | 7.85 | 69.62 | 77.47 | NOTE | |
r-release-linux-x86_64 | 0.2-1 | 9.18 | 69.04 | 78.22 | NOTE | |
r-release-macos-arm64 | 0.2-1 | 38.00 | NOTE | |||
r-release-macos-x86_64 | 0.2-1 | 73.00 | NOTE | |||
r-release-windows-x86_64 | 0.2-1 | 10.00 | 85.00 | 95.00 | NOTE | |
r-oldrel-macos-arm64 | 0.2-1 | 36.00 | NOTE | |||
r-oldrel-macos-x86_64 | 0.2-1 | 53.00 | NOTE | |||
r-oldrel-windows-x86_64 | 0.2-1 | 13.00 | 103.00 | 116.00 | NOTE |
Version: 0.2-1
Check: Rd files
Result: NOTE
checkRd: (-1) twoby2Calibrate.Rd:84: Lost braces in \itemize; meant \describe ?
checkRd: (-1) twoby2Calibrate.Rd:85-86: Lost braces in \itemize; meant \describe ?
checkRd: (-1) twoby2Calibrate.Rd:87-92: Lost braces in \itemize; meant \describe ?
checkRd: (-1) twoby2Calibrate.Rd:97-100: Lost braces in \itemize; meant \describe ?
checkRd: (-1) twoby2Calibrate.Rd:101-103: Lost braces in \itemize; meant \describe ?
checkRd: (-1) twoby2Calibrate.Rd:104-107: Lost braces in \itemize; meant \describe ?
checkRd: (-1) twoby2Calibrate.Rd:108-110: Lost braces in \itemize; meant \describe ?
checkRd: (-1) twoby2Calibrate.Rd:111-116: Lost braces in \itemize; meant \describe ?
Flavors: r-devel-linux-x86_64-debian-clang, r-devel-linux-x86_64-debian-gcc, r-devel-linux-x86_64-fedora-clang, r-devel-linux-x86_64-fedora-gcc, r-devel-windows-x86_64, r-patched-linux-x86_64, r-release-linux-x86_64, r-release-macos-arm64, r-release-macos-x86_64, r-release-windows-x86_64, r-oldrel-macos-arm64, r-oldrel-macos-x86_64, r-oldrel-windows-x86_64
Version: 0.2-1
Check: CRAN incoming feasibility
Result: NOTE
Maintainer: ‘Manuela Ott <manuela.c.ott@gmail.com>’
Package CITATION file contains call(s) to old-style citEntry(). Please
use bibentry() instead.
Found the following URLs which should use \doi (with the DOI name only):
File ‘twoby2Calibrate.Rd’:
https://doi.org/10.1080/01621459.2018.1469992
https://doi.org/10.1111/insr.12307
Flavor: r-devel-linux-x86_64-debian-gcc