Last updated on 2025-04-29 06:49:50 CEST.
Flavor | Version | Tinstall | Tcheck | Ttotal | Status | Flags |
---|---|---|---|---|---|---|
r-devel-linux-x86_64-debian-clang | 0.7.8 | 18.60 | 248.16 | 266.76 | OK | |
r-devel-linux-x86_64-debian-gcc | 0.7.8 | 11.78 | 174.45 | 186.23 | NOTE | |
r-devel-linux-x86_64-fedora-clang | 0.7.8 | 452.73 | OK | |||
r-devel-linux-x86_64-fedora-gcc | 0.7.8 | 419.16 | OK | |||
r-devel-windows-x86_64 | 0.7.8 | 17.00 | 242.00 | 259.00 | OK | |
r-patched-linux-x86_64 | 0.7.8 | 15.58 | 244.42 | 260.00 | OK | |
r-release-linux-x86_64 | 0.7.8 | 13.52 | 241.43 | 254.95 | OK | |
r-release-macos-arm64 | 0.7.8 | 115.00 | OK | |||
r-release-macos-x86_64 | 0.7.8 | 237.00 | OK | |||
r-release-windows-x86_64 | 0.7.8 | 18.00 | 238.00 | 256.00 | OK | |
r-oldrel-macos-arm64 | 0.7.8 | 96.00 | OK | |||
r-oldrel-macos-x86_64 | 0.7.8 | 164.00 | OK | |||
r-oldrel-windows-x86_64 | 0.7.8 | 24.00 | 327.00 | 351.00 | OK |
Version: 0.7.8
Check: CRAN incoming feasibility
Result: NOTE
Maintainer: ‘Jacob A. Long <jacob.long@sc.edu>’
The BugReports field in DESCRIPTION has
https://github.com/jacob-long/panelr
which should likely be
https://github.com/jacob-long/panelr/issues
instead.
Flavor: r-devel-linux-x86_64-debian-gcc