CRAN Package Check Results for Package pastaPlot

Last updated on 2025-04-28 18:50:16 CEST.

Flavor Version Tinstall Tcheck Ttotal Status Flags
r-devel-linux-x86_64-debian-clang 0.1.0 2.02 27.67 29.69 OK
r-devel-linux-x86_64-debian-gcc 0.1.0 1.53 21.37 22.90 NOTE
r-devel-linux-x86_64-fedora-clang 0.1.0 48.90 OK
r-devel-linux-x86_64-fedora-gcc 0.1.0 46.42 OK
r-devel-windows-x86_64 0.1.0 4.00 48.00 52.00 OK
r-patched-linux-x86_64 0.1.0 2.02 26.97 28.99 OK
r-release-linux-x86_64 0.1.0 2.01 26.71 28.72 OK
r-release-macos-arm64 0.1.0 20.00 OK
r-release-macos-x86_64 0.1.0 33.00 OK
r-release-windows-x86_64 0.1.0 5.00 47.00 52.00 OK
r-oldrel-macos-arm64 0.1.0 21.00 OK
r-oldrel-macos-x86_64 0.1.0 42.00 OK
r-oldrel-windows-x86_64 0.1.0 5.00 53.00 58.00 OK

Check Details

Version: 0.1.0
Check: examples
Result: NOTE Examples with CPU (user + system) or elapsed time > 5s user system elapsed pastaPlot 4.438 0.187 5.699 Flavor: r-devel-linux-x86_64-debian-gcc