Last updated on 2025-04-29 18:50:50 CEST.
Flavor | Version | Tinstall | Tcheck | Ttotal | Status | Flags |
---|---|---|---|---|---|---|
r-devel-linux-x86_64-debian-clang | 0.2.1 | 1.64 | 15.84 | 17.48 | NOTE | |
r-devel-linux-x86_64-debian-gcc | 0.2.1 | 1.33 | 13.48 | 14.81 | NOTE | |
r-devel-linux-x86_64-fedora-clang | 0.2.1 | 28.21 | OK | |||
r-devel-linux-x86_64-fedora-gcc | 0.2.1 | 26.97 | OK | |||
r-devel-windows-x86_64 | 0.2.1 | 2.00 | 37.00 | 39.00 | OK | |
r-patched-linux-x86_64 | 0.2.1 | 1.42 | 15.26 | 16.68 | OK | |
r-release-linux-x86_64 | 0.2.1 | 1.41 | 15.12 | 16.53 | OK | |
r-release-macos-arm64 | 0.2.1 | 18.00 | OK | |||
r-release-macos-x86_64 | 0.2.1 | 27.00 | OK | |||
r-release-windows-x86_64 | 0.2.1 | 2.00 | 45.00 | 47.00 | OK | |
r-oldrel-macos-arm64 | 0.2.1 | 13.00 | OK | |||
r-oldrel-macos-x86_64 | 0.2.1 | 17.00 | OK | |||
r-oldrel-windows-x86_64 | 0.2.1 | 2.00 | 37.00 | 39.00 | OK |
Version: 0.2.1
Check: CRAN incoming feasibility
Result: NOTE
Maintainer: ‘Stéphane Laurent <laurent_step@outlook.fr>’
No Authors@R field in DESCRIPTION.
Please add one, modifying
Authors@R: person(given = "Stéphane",
family = "Laurent",
role = c("aut", "cre"),
email = "laurent_step@outlook.fr")
as necessary.
Flavors: r-devel-linux-x86_64-debian-clang, r-devel-linux-x86_64-debian-gcc