Last updated on 2025-04-28 18:50:17 CEST.
Flavor | Version | Tinstall | Tcheck | Ttotal | Status | Flags |
---|---|---|---|---|---|---|
r-devel-linux-x86_64-debian-clang | 1.2.2 | 5.20 | 64.89 | 70.09 | OK | |
r-devel-linux-x86_64-debian-gcc | 1.2.2 | 3.77 | 53.39 | 57.16 | NOTE | |
r-devel-linux-x86_64-fedora-clang | 1.2.2 | 114.65 | OK | |||
r-devel-linux-x86_64-fedora-gcc | 1.2.2 | 121.10 | OK | |||
r-devel-windows-x86_64 | 1.2.2 | 7.00 | 90.00 | 97.00 | OK | |
r-patched-linux-x86_64 | 1.2.2 | 5.68 | 67.58 | 73.26 | OK | |
r-release-linux-x86_64 | 1.2.2 | 5.10 | 67.17 | 72.27 | OK | |
r-release-macos-arm64 | 1.2.2 | 42.00 | OK | |||
r-release-macos-x86_64 | 1.2.2 | 72.00 | OK | |||
r-release-windows-x86_64 | 1.2.2 | 8.00 | 88.00 | 96.00 | OK | |
r-oldrel-macos-arm64 | 1.2.2 | 38.00 | OK | |||
r-oldrel-macos-x86_64 | 1.2.2 | 63.00 | OK | |||
r-oldrel-windows-x86_64 | 1.2.2 | 10.00 | 105.00 | 115.00 | OK |
Version: 1.2.2
Check: CRAN incoming feasibility
Result: NOTE
Maintainer: ‘Mahmoud Ahmed <mahmoud.s.fahmy@students.kasralainy.edu.eg>’
Package CITATION file contains call(s) to old-style personList() or
as.personList(). Please use c() on person objects instead.
Package CITATION file contains call(s) to old-style citEntry(). Please
use bibentry() instead.
Flavor: r-devel-linux-x86_64-debian-gcc