CRAN Package Check Results for Package petrinetR

Last updated on 2025-07-04 07:49:35 CEST.

Flavor Version Tinstall Tcheck Ttotal Status Flags
r-devel-linux-x86_64-debian-clang 0.3.0 4.80 37.83 42.63 NOTE
r-devel-linux-x86_64-debian-gcc 0.3.0 3.95 28.92 32.87 NOTE
r-devel-linux-x86_64-fedora-clang 0.3.0 64.99 NOTE
r-devel-linux-x86_64-fedora-gcc 0.3.0 60.99 NOTE
r-devel-windows-x86_64 0.3.0 6.00 60.00 66.00 NOTE
r-patched-linux-x86_64 0.3.0 5.33 35.89 41.22 NOTE
r-release-linux-x86_64 0.3.0 4.87 35.72 40.59 NOTE
r-release-macos-arm64 0.3.0 25.00 NOTE
r-release-macos-x86_64 0.3.0 38.00 NOTE
r-release-windows-x86_64 0.3.0 7.00 60.00 67.00 NOTE
r-oldrel-macos-arm64 0.3.0 24.00 NOTE
r-oldrel-macos-x86_64 0.3.0 45.00 NOTE
r-oldrel-windows-x86_64 0.3.0 9.00 68.00 77.00 NOTE

Check Details

Version: 0.3.0
Check: Rd files
Result: NOTE checkRd: (-1) read_PN.Rd:15: Lost braces 15 | A code{\link{marked_petrinet}} | ^ Flavors: r-devel-linux-x86_64-debian-clang, r-devel-linux-x86_64-debian-gcc, r-devel-linux-x86_64-fedora-clang, r-devel-linux-x86_64-fedora-gcc, r-devel-windows-x86_64, r-patched-linux-x86_64, r-release-linux-x86_64, r-release-macos-arm64, r-release-macos-x86_64, r-release-windows-x86_64, r-oldrel-macos-arm64, r-oldrel-macos-x86_64, r-oldrel-windows-x86_64