Last updated on 2025-04-28 18:50:17 CEST.
Flavor | Version | Tinstall | Tcheck | Ttotal | Status | Flags |
---|---|---|---|---|---|---|
r-devel-linux-x86_64-debian-clang | 1.2-4 | 16.63 | 170.35 | 186.98 | NOTE | |
r-devel-linux-x86_64-debian-gcc | 1.2-4 | 11.38 | 115.59 | 126.97 | NOTE | |
r-devel-linux-x86_64-fedora-clang | 1.2-4 | 307.28 | OK | |||
r-devel-linux-x86_64-fedora-gcc | 1.2-4 | 306.27 | OK | |||
r-devel-windows-x86_64 | 1.2-4 | 17.00 | 192.00 | 209.00 | NOTE | |
r-patched-linux-x86_64 | 1.2-4 | 16.51 | 163.88 | 180.39 | NOTE | |
r-release-linux-x86_64 | 1.2-4 | 15.97 | 162.83 | 178.80 | NOTE | |
r-release-macos-arm64 | 1.2-4 | 94.00 | OK | |||
r-release-macos-x86_64 | 1.2-4 | 188.00 | OK | |||
r-release-windows-x86_64 | 1.2-4 | 16.00 | 186.00 | 202.00 | NOTE | |
r-oldrel-macos-arm64 | 1.2-4 | 77.00 | OK | |||
r-oldrel-macos-x86_64 | 1.2-4 | 191.00 | OK | |||
r-oldrel-windows-x86_64 | 1.2-4 | 24.00 | 233.00 | 257.00 | OK |
Version: 1.2-4
Check: Rd cross-references
Result: NOTE
Found the following Rd file(s) with Rd \link{} targets missing package
anchors:
cc.manip.Rd: vegan
comparative.comm.Rd: vegan
drop_tip.Rd: drop.tip
eco.xxx.regression.Rd: picante, rq
fingerprint.regression.Rd: picante
generic.metrics.Rd: picante
laja.Rd: phylo
pez.dispersion.Rd: picante
pez.metrics.Rd: picante, caper, FD, ape
phy.signal.Rd: pgls
scape.Rd: phylo, corGrafen, corBlomberg
Please provide package anchors for all Rd \link{} targets not in the
package itself and the base packages.
Flavors: r-devel-linux-x86_64-debian-clang, r-devel-linux-x86_64-debian-gcc, r-devel-windows-x86_64, r-patched-linux-x86_64, r-release-linux-x86_64, r-release-windows-x86_64
Version: 1.2-4
Check: CRAN incoming feasibility
Result: NOTE
Maintainer: ‘William D. Pearse <will.pearse@gmail.com>’
No Authors@R field in DESCRIPTION.
Please add one, modifying
Authors@R: c(person(given = c("William", "D."),
family = "Pearse",
role = c("aut", "cre"),
email = "will.pearse@gmail.com"),
person(given = c("Marc", "W."),
family = "Cadotte",
role = "aut"),
person(given = "Jeannine",
family = "Cavender-Bares",
role = "aut"),
person(given = c("Anthony", "R."),
family = "Ives",
role = "aut"),
person(given = "Caroline",
family = "Tucker",
role = "aut"),
person(given = c("Steve", "C."),
family = "Walker",
role = "aut"),
person(given = c("Matthew", "R."),
family = "Helmus",
role = "aut"))
as necessary.
Package CITATION file contains call(s) to old-style personList() or
as.personList(). Please use c() on person objects instead.
Package CITATION file contains call(s) to old-style citEntry(). Please
use bibentry() instead.
Flavor: r-devel-linux-x86_64-debian-gcc