Last updated on 2025-05-05 18:50:12 CEST.
Flavor | Version | Tinstall | Tcheck | Ttotal | Status | Flags |
---|---|---|---|---|---|---|
r-devel-linux-x86_64-debian-clang | 1.2-7 | 10.40 | 90.23 | 100.63 | NOTE | |
r-devel-linux-x86_64-debian-gcc | 1.2-7 | 8.85 | 67.73 | 76.58 | NOTE | |
r-devel-linux-x86_64-fedora-clang | 1.2-7 | 156.96 | OK | |||
r-devel-linux-x86_64-fedora-gcc | 1.2-7 | 150.21 | OK | |||
r-devel-windows-x86_64 | 1.2-7 | 15.00 | 101.00 | 116.00 | OK | |
r-patched-linux-x86_64 | 1.2-7 | 11.14 | 85.79 | 96.93 | OK | |
r-release-linux-x86_64 | 1.2-7 | 10.33 | 85.55 | 95.88 | OK | |
r-release-macos-arm64 | 1.2-7 | 50.00 | OK | |||
r-release-macos-x86_64 | 1.2-7 | 87.00 | OK | |||
r-release-windows-x86_64 | 1.2-7 | 17.00 | 105.00 | 122.00 | OK | |
r-oldrel-macos-arm64 | 1.2-7 | 41.00 | OK | |||
r-oldrel-macos-x86_64 | 1.2-7 | 68.00 | OK | |||
r-oldrel-windows-x86_64 | 1.2-7 | 19.00 | 123.00 | 142.00 | OK |
Version: 1.2-7
Check: CRAN incoming feasibility
Result: NOTE
Maintainer: ‘Maximilian Lange <maximilian.lange@ufz.de>’
No Authors@R field in DESCRIPTION.
Please add one, modifying
Authors@R: person(given = "Maximilian",
family = "Lange",
role = c("aut", "cre"),
email = "maximilian.lange@ufz.de")
as necessary.
Flavors: r-devel-linux-x86_64-debian-clang, r-devel-linux-x86_64-debian-gcc