Last updated on 2025-04-29 06:49:50 CEST.
Flavor | Version | Tinstall | Tcheck | Ttotal | Status | Flags |
---|---|---|---|---|---|---|
r-devel-linux-x86_64-debian-clang | 0.2.2 | 1.91 | 41.26 | 43.17 | OK | |
r-devel-linux-x86_64-debian-gcc | 0.2.2 | 1.45 | 30.28 | 31.73 | NOTE | |
r-devel-linux-x86_64-fedora-clang | 0.2.2 | 68.48 | OK | |||
r-devel-linux-x86_64-fedora-gcc | 0.2.2 | 67.09 | OK | |||
r-devel-windows-x86_64 | 0.2.2 | 3.00 | 67.00 | 70.00 | OK | |
r-patched-linux-x86_64 | 0.2.2 | 2.05 | 39.23 | 41.28 | OK | |
r-release-linux-x86_64 | 0.2.2 | 2.07 | 39.86 | 41.93 | OK | |
r-release-macos-arm64 | 0.2.2 | 26.00 | OK | |||
r-release-macos-x86_64 | 0.2.2 | 43.00 | OK | |||
r-release-windows-x86_64 | 0.2.2 | 3.00 | 68.00 | 71.00 | OK | |
r-oldrel-macos-arm64 | 0.2.2 | 27.00 | OK | |||
r-oldrel-macos-x86_64 | 0.2.2 | 72.00 | OK | |||
r-oldrel-windows-x86_64 | 0.2.2 | 4.00 | 73.00 | 77.00 | OK |
Version: 0.2.2
Check: examples
Result: NOTE
Examples with CPU (user + system) or elapsed time > 5s
user system elapsed
M_rand_perm 4.318 0.094 5.199
Flavor: r-devel-linux-x86_64-debian-gcc