Last updated on 2025-04-28 18:50:17 CEST.
Flavor | Version | Tinstall | Tcheck | Ttotal | Status | Flags |
---|---|---|---|---|---|---|
r-devel-linux-x86_64-debian-clang | 1.3.3 | 3.02 | 31.71 | 34.73 | OK | |
r-devel-linux-x86_64-debian-gcc | 1.3.3 | 2.29 | 24.75 | 27.04 | NOTE | |
r-devel-linux-x86_64-fedora-clang | 1.3.3 | 57.51 | OK | |||
r-devel-linux-x86_64-fedora-gcc | 1.3.3 | 67.34 | OK | |||
r-devel-windows-x86_64 | 1.3.3 | 4.00 | 60.00 | 64.00 | OK | |
r-patched-linux-x86_64 | 1.3.3 | 3.33 | 31.12 | 34.45 | OK | |
r-release-linux-x86_64 | 1.3.3 | 3.22 | 30.84 | 34.06 | OK | |
r-release-macos-arm64 | 1.3.3 | 29.00 | OK | |||
r-release-macos-x86_64 | 1.3.3 | 48.00 | OK | |||
r-release-windows-x86_64 | 1.3.3 | 4.00 | 59.00 | 63.00 | OK | |
r-oldrel-macos-arm64 | 1.3.3 | 25.00 | OK | |||
r-oldrel-macos-x86_64 | 1.3.3 | 38.00 | OK | |||
r-oldrel-windows-x86_64 | 1.3.3 | 4.00 | 62.00 | 66.00 | OK |
Version: 1.3.3
Check: CRAN incoming feasibility
Result: NOTE
Maintainer: ‘Dmitriy Bolotov <rpmmlsupport@softwareag.com>’
No Authors@R field in DESCRIPTION.
Please add one, modifying
Authors@R: c(person(given = "Tridivesh",
family = "Jena",
role = "aut"),
person(given = c("Wen", "Ching"),
family = "Lin",
role = "aut"),
person(given = "Dmitriy",
family = "Bolotov",
role = c("aut", "cre"),
email = "rpmmlsupport@softwareag.com"))
as necessary.
Flavor: r-devel-linux-x86_64-debian-gcc