Last updated on 2025-04-28 18:50:17 CEST.
Flavor | Version | Tinstall | Tcheck | Ttotal | Status | Flags |
---|---|---|---|---|---|---|
r-devel-linux-x86_64-debian-clang | 1.2.5.1 | 3.63 | 30.63 | 34.26 | NOTE | |
r-devel-linux-x86_64-debian-gcc | 1.2.5.1 | 2.79 | 23.50 | 26.29 | NOTE | |
r-devel-linux-x86_64-fedora-clang | 1.2.5.1 | 54.91 | NOTE | |||
r-devel-linux-x86_64-fedora-gcc | 1.2.5.1 | 52.06 | NOTE | |||
r-devel-windows-x86_64 | 1.2.5.1 | 5.00 | 53.00 | 58.00 | NOTE | |
r-patched-linux-x86_64 | 1.2.5.1 | 4.54 | 29.93 | 34.47 | NOTE | |
r-release-linux-x86_64 | 1.2.5.1 | 3.93 | 29.76 | 33.69 | NOTE | |
r-release-macos-arm64 | 1.2.5.1 | 23.00 | NOTE | |||
r-release-macos-x86_64 | 1.2.5.1 | 34.00 | NOTE | |||
r-release-windows-x86_64 | 1.2.5.1 | 4.00 | 58.00 | 62.00 | NOTE | |
r-oldrel-macos-arm64 | 1.2.5.1 | 24.00 | NOTE | |||
r-oldrel-macos-x86_64 | 1.2.5.1 | 28.00 | NOTE | |||
r-oldrel-windows-x86_64 | 1.2.5.1 | 4.00 | 51.00 | 55.00 | NOTE |
Version: 1.2.5.1
Check: Rd files
Result: NOTE
checkRd: (-1) ahp.Rd:16: Lost braces; missing escapes or markup?
16 | an ``A'' matrix. It should be a square matrix with diagonal values equal 1 and $a_{ij} = 1/a_{ij}$.
| ^
checkRd: (-1) ahp.Rd:16: Lost braces; missing escapes or markup?
16 | an ``A'' matrix. It should be a square matrix with diagonal values equal 1 and $a_{ij} = 1/a_{ij}$.
| ^
Flavors: r-devel-linux-x86_64-debian-clang, r-devel-linux-x86_64-debian-gcc, r-devel-linux-x86_64-fedora-clang, r-devel-linux-x86_64-fedora-gcc, r-devel-windows-x86_64, r-patched-linux-x86_64, r-release-linux-x86_64, r-release-macos-arm64, r-release-macos-x86_64, r-release-windows-x86_64, r-oldrel-macos-arm64, r-oldrel-macos-x86_64, r-oldrel-windows-x86_64
Version: 1.2.5.1
Check: CRAN incoming feasibility
Result: NOTE
Maintainer: ‘Paul H. Lee <honglee@graduate.hku.hk>’
No Authors@R field in DESCRIPTION.
Please add one, modifying
Authors@R: c(person(given = c("Paul", "H."),
family = "Lee",
role = c("aut", "cre"),
email = "honglee@graduate.hku.hk"),
person(given = c("Philip", "L.", "H."),
family = "Yu",
role = "aut"))
as necessary.
Flavor: r-devel-linux-x86_64-debian-gcc