Last updated on 2025-04-29 06:49:51 CEST.
Flavor | Version | Tinstall | Tcheck | Ttotal | Status | Flags |
---|---|---|---|---|---|---|
r-devel-linux-x86_64-debian-clang | 1.1-1 | 2.87 | 202.17 | 205.04 | OK | |
r-devel-linux-x86_64-debian-gcc | 1.1-1 | 1.97 | 135.12 | 137.09 | NOTE | |
r-devel-linux-x86_64-fedora-clang | 1.1-1 | 371.98 | OK | |||
r-devel-linux-x86_64-fedora-gcc | 1.1-1 | 357.82 | OK | |||
r-devel-windows-x86_64 | 1.1-1 | 4.00 | 258.00 | 262.00 | OK | |
r-patched-linux-x86_64 | 1.1-1 | 3.98 | 196.86 | 200.84 | OK | |
r-release-linux-x86_64 | 1.1-1 | 2.84 | 194.91 | 197.75 | OK | |
r-release-macos-arm64 | 1.1-1 | 99.00 | OK | |||
r-release-macos-x86_64 | 1.1-1 | 204.00 | OK | |||
r-release-windows-x86_64 | 1.1-1 | 4.00 | 265.00 | 269.00 | OK | |
r-oldrel-macos-arm64 | 1.1-1 | 101.00 | OK | |||
r-oldrel-macos-x86_64 | 1.1-1 | 147.00 | OK | |||
r-oldrel-windows-x86_64 | 1.1-1 | 4.00 | 312.00 | 316.00 | OK |
Version: 1.1-1
Check: CRAN incoming feasibility
Result: NOTE
Maintainer: ‘Ozan Cinar <ozancinar86@gmail.com>’
Package has help file(s) containing later-stage \Sexpr{} expressions
but no 'build/stage23.rdb' file.
Flavor: r-devel-linux-x86_64-debian-gcc