Last updated on 2025-07-04 07:49:36 CEST.
Flavor | Version | Tinstall | Tcheck | Ttotal | Status | Flags |
---|---|---|---|---|---|---|
r-devel-linux-x86_64-debian-clang | 0.1.1 | 5.57 | 47.23 | 52.80 | OK | |
r-devel-linux-x86_64-debian-gcc | 0.1.1 | 4.23 | 32.99 | 37.22 | OK | |
r-devel-linux-x86_64-fedora-clang | 0.1.1 | 84.08 | NOTE | |||
r-devel-linux-x86_64-fedora-gcc | 0.1.1 | 73.83 | NOTE | |||
r-devel-windows-x86_64 | 0.1.1 | 7.00 | 69.00 | 76.00 | OK | |
r-patched-linux-x86_64 | 0.1.1 | 5.23 | 42.02 | 47.25 | OK | |
r-release-linux-x86_64 | 0.1.1 | 4.63 | 42.86 | 47.49 | OK | |
r-release-macos-arm64 | 0.1.1 | 25.00 | OK | |||
r-release-macos-x86_64 | 0.1.1 | 40.00 | OK | |||
r-release-windows-x86_64 | 0.1.1 | 8.00 | 69.00 | 77.00 | OK | |
r-oldrel-macos-arm64 | 0.1.1 | 23.00 | OK | |||
r-oldrel-macos-x86_64 | 0.1.1 | 36.00 | OK | |||
r-oldrel-windows-x86_64 | 0.1.1 | 8.00 | 80.00 | 88.00 | OK |
Version: 0.1.1
Check: dependencies in R code
Result: NOTE
Namespace in Imports field not imported from: ‘tibble’
All declared Imports should be used.
Flavors: r-devel-linux-x86_64-fedora-clang, r-devel-linux-x86_64-fedora-gcc