Last updated on 2025-04-28 18:50:18 CEST.
Flavor | Version | Tinstall | Tcheck | Ttotal | Status | Flags |
---|---|---|---|---|---|---|
r-devel-linux-x86_64-debian-clang | 0.1.1 | 6.47 | 55.08 | 61.55 | OK | |
r-devel-linux-x86_64-debian-gcc | 0.1.1 | 4.99 | 43.29 | 48.28 | NOTE | |
r-devel-linux-x86_64-fedora-clang | 0.1.1 | 97.30 | OK | |||
r-devel-linux-x86_64-fedora-gcc | 0.1.1 | 90.19 | OK | |||
r-devel-windows-x86_64 | 0.1.1 | 9.00 | 75.00 | 84.00 | OK | |
r-patched-linux-x86_64 | 0.1.1 | 7.77 | 58.22 | 65.99 | OK | |
r-release-linux-x86_64 | 0.1.1 | 7.65 | 57.94 | 65.59 | OK | |
r-release-macos-arm64 | 0.1.1 | 31.00 | OK | |||
r-release-macos-x86_64 | 0.1.1 | 54.00 | OK | |||
r-release-windows-x86_64 | 0.1.1 | 9.00 | 76.00 | 85.00 | OK | |
r-oldrel-macos-arm64 | 0.1.1 | 31.00 | OK | |||
r-oldrel-macos-x86_64 | 0.1.1 | 43.00 | OK | |||
r-oldrel-windows-x86_64 | 0.1.1 | 11.00 | 92.00 | 103.00 | OK |
Version: 0.1.1
Check: CRAN incoming feasibility
Result: NOTE
Maintainer: ‘Orestis Efthimiou <oremiou@gmail.com>’
No Authors@R field in DESCRIPTION.
Please add one, modifying
Authors@R: person(given = "Orestis",
family = "Efthimiou",
role = c("aut", "cre"),
email = "oremiou@gmail.com")
as necessary.
Flavor: r-devel-linux-x86_64-debian-gcc