Last updated on 2025-04-28 18:50:18 CEST.
Flavor | Version | Tinstall | Tcheck | Ttotal | Status | Flags |
---|---|---|---|---|---|---|
r-devel-linux-x86_64-debian-clang | 0.99-3 | 4.10 | 75.73 | 79.83 | NOTE | |
r-devel-linux-x86_64-debian-gcc | 0.99-3 | 3.28 | 53.35 | 56.63 | NOTE | |
r-devel-linux-x86_64-fedora-clang | 0.99-3 | 142.38 | NOTE | |||
r-devel-linux-x86_64-fedora-gcc | 0.99-3 | 137.62 | NOTE | |||
r-devel-windows-x86_64 | 0.99-3 | 5.00 | 108.00 | 113.00 | NOTE | |
r-patched-linux-x86_64 | 0.99-3 | 5.22 | 70.73 | 75.95 | NOTE | |
r-release-linux-x86_64 | 0.99-3 | 4.28 | 69.65 | 73.93 | NOTE | |
r-release-macos-arm64 | 0.99-3 | 45.00 | NOTE | |||
r-release-macos-x86_64 | 0.99-3 | 89.00 | NOTE | |||
r-release-windows-x86_64 | 0.99-3 | 5.00 | 114.00 | 119.00 | NOTE | |
r-oldrel-macos-arm64 | 0.99-3 | 44.00 | NOTE | |||
r-oldrel-macos-x86_64 | 0.99-3 | 129.00 | NOTE | |||
r-oldrel-windows-x86_64 | 0.99-3 | 7.00 | 126.00 | 133.00 | NOTE |
Version: 0.99-3
Check: Rd files
Result: NOTE
checkRd: (-1) proftools-package.Rd:40: Lost braces
40 | by the code{kcachegrind} program available on some operating
| ^
Flavors: r-devel-linux-x86_64-debian-clang, r-devel-linux-x86_64-debian-gcc, r-devel-linux-x86_64-fedora-clang, r-devel-linux-x86_64-fedora-gcc, r-devel-windows-x86_64, r-patched-linux-x86_64, r-release-linux-x86_64, r-release-macos-arm64, r-release-macos-x86_64, r-release-windows-x86_64, r-oldrel-macos-arm64, r-oldrel-macos-x86_64, r-oldrel-windows-x86_64
Version: 0.99-3
Check: CRAN incoming feasibility
Result: NOTE
Maintainer: ‘Luke Tierney <luke-tierney@uiowa.edu>’
No Authors@R field in DESCRIPTION.
Please add one, modifying
Authors@R: c(person(given = "Luke",
family = "Tierney",
role = c("aut", "cre"),
email = "luke-tierney@uiowa.edu"),
person(given = "Riad",
family = "Jarjour",
role = "aut"))
as necessary.
Flavor: r-devel-linux-x86_64-debian-gcc