CRAN Package Check Results for Package promethee123

Last updated on 2025-07-17 06:49:41 CEST.

Flavor Version Tinstall Tcheck Ttotal Status Flags
r-devel-linux-x86_64-debian-clang 0.1.0 5.10 44.05 49.15 OK
r-devel-linux-x86_64-debian-gcc 0.1.0 3.69 32.73 36.42 OK
r-devel-linux-x86_64-fedora-clang 0.1.0 76.77 OK
r-devel-linux-x86_64-fedora-gcc 0.1.0 72.92 OK
r-devel-windows-x86_64 0.1.0 6.00 59.00 65.00 OK
r-patched-linux-x86_64 0.1.0 4.22 40.99 45.21 OK
r-release-linux-x86_64 0.1.0 4.84 41.69 46.53 OK
r-release-macos-arm64 0.1.0 25.00 OK
r-release-macos-x86_64 0.1.0 55.00 OK
r-release-windows-x86_64 0.1.0 6.00 58.00 64.00 OK
r-oldrel-macos-arm64 0.1.0 23.00 NOTE
r-oldrel-macos-x86_64 0.1.0 55.00 NOTE
r-oldrel-windows-x86_64 0.1.0 8.00 72.00 80.00 NOTE

Check Details

Version: 0.1.0
Check: LazyData
Result: NOTE 'LazyData' is specified without a 'data' directory Flavors: r-oldrel-macos-arm64, r-oldrel-macos-x86_64, r-oldrel-windows-x86_64