Last updated on 2025-04-28 18:50:18 CEST.
Flavor | Version | Tinstall | Tcheck | Ttotal | Status | Flags |
---|---|---|---|---|---|---|
r-devel-linux-x86_64-debian-clang | 0.1.3.900 | 2.25 | 22.83 | 25.08 | OK | |
r-devel-linux-x86_64-debian-gcc | 0.1.3.900 | 1.83 | 18.53 | 20.36 | NOTE | |
r-devel-linux-x86_64-fedora-clang | 0.1.3.900 | 40.37 | OK | |||
r-devel-linux-x86_64-fedora-gcc | 0.1.3.900 | 38.64 | OK | |||
r-devel-windows-x86_64 | 0.1.3.900 | 3.00 | 43.00 | 46.00 | OK | |
r-patched-linux-x86_64 | 0.1.3.900 | 2.57 | 22.45 | 25.02 | OK | |
r-release-linux-x86_64 | 0.1.3.900 | 2.38 | 22.36 | 24.74 | OK | |
r-release-macos-arm64 | 0.1.3.900 | 20.00 | OK | |||
r-release-macos-x86_64 | 0.1.3.900 | 39.00 | OK | |||
r-release-windows-x86_64 | 0.1.3.900 | 4.00 | 44.00 | 48.00 | OK | |
r-oldrel-macos-arm64 | 0.1.3.900 | 19.00 | NOTE | |||
r-oldrel-macos-x86_64 | 0.1.3.900 | 31.00 | NOTE | |||
r-oldrel-windows-x86_64 | 0.1.3.900 | 5.00 | 45.00 | 50.00 | NOTE |
Version: 0.1.3.900
Check: CRAN incoming feasibility
Result: NOTE
Maintainer: ‘Pedro H. C. Sant'Anna <pedro.h.santanna@vanderbilt.edu>’
No Authors@R field in DESCRIPTION.
Please add one, modifying
Authors@R: c(person(given = c("Pedro", "H.", "C."),
family = "Sant'Anna",
role = c("aut", "cre"),
email = "pedro.h.santanna@vanderbilt.edu"),
person(given = "Xiaojun",
family = "Song",
role = "aut",
email = "sxj@gsm.pku.edu.cn"))
as necessary.
Flavor: r-devel-linux-x86_64-debian-gcc
Version: 0.1.3.900
Check: LazyData
Result: NOTE
'LazyData' is specified without a 'data' directory
Flavors: r-oldrel-macos-arm64, r-oldrel-macos-x86_64, r-oldrel-windows-x86_64