Last updated on 2025-07-04 07:49:37 CEST.
Flavor | Version | Tinstall | Tcheck | Ttotal | Status | Flags |
---|---|---|---|---|---|---|
r-devel-linux-x86_64-debian-clang | 3.2.4 | 10.83 | 117.88 | 128.71 | NOTE | |
r-devel-linux-x86_64-debian-gcc | 3.2.4 | 7.33 | 81.22 | 88.55 | NOTE | |
r-devel-linux-x86_64-fedora-clang | 3.2.4 | 206.23 | NOTE | |||
r-devel-linux-x86_64-fedora-gcc | 3.2.4 | 208.75 | NOTE | |||
r-devel-windows-x86_64 | 3.2.4 | 12.00 | 149.00 | 161.00 | NOTE | |
r-patched-linux-x86_64 | 3.2.4 | 10.01 | 112.18 | 122.19 | NOTE | |
r-release-linux-x86_64 | 3.2.4 | 8.92 | 113.90 | 122.82 | NOTE | |
r-release-macos-arm64 | 3.2.4 | 63.00 | NOTE | |||
r-release-macos-x86_64 | 3.2.4 | 151.00 | NOTE | |||
r-release-windows-x86_64 | 3.2.4 | 15.00 | 159.00 | 174.00 | NOTE | |
r-oldrel-macos-arm64 | 3.2.4 | 68.00 | OK | |||
r-oldrel-macos-x86_64 | 3.2.4 | 117.00 | OK | |||
r-oldrel-windows-x86_64 | 3.2.4 | 16.00 | 183.00 | 199.00 | OK |
Version: 3.2.4
Check: DESCRIPTION meta-information
Result: NOTE
Missing dependency on R >= 4.1.0 because package code uses the pipe
|> or function shorthand \(...) syntax added in R 4.1.0.
File(s) using such syntax:
‘pwrFDR.R’
Flavors: r-devel-linux-x86_64-debian-clang, r-devel-linux-x86_64-debian-gcc, r-devel-linux-x86_64-fedora-clang, r-devel-linux-x86_64-fedora-gcc, r-devel-windows-x86_64, r-patched-linux-x86_64, r-release-linux-x86_64, r-release-macos-arm64, r-release-macos-x86_64, r-release-windows-x86_64