CRAN Package Check Results for Package quantification

Last updated on 2025-07-04 07:49:37 CEST.

Flavor Version Tinstall Tcheck Ttotal Status Flags
r-devel-linux-x86_64-debian-clang 0.2.0 2.82 25.02 27.84 NOTE
r-devel-linux-x86_64-debian-gcc 0.2.0 2.15 19.64 21.79 NOTE
r-devel-linux-x86_64-fedora-clang 0.2.0 42.71 OK
r-devel-linux-x86_64-fedora-gcc 0.2.0 40.26 OK
r-devel-windows-x86_64 0.2.0 5.00 44.00 49.00 OK
r-patched-linux-x86_64 0.2.0 2.86 23.49 26.35 OK
r-release-linux-x86_64 0.2.0 2.63 23.06 25.69 OK
r-release-macos-arm64 0.2.0 18.00 OK
r-release-macos-x86_64 0.2.0 27.00 OK
r-release-windows-x86_64 0.2.0 4.00 45.00 49.00 OK
r-oldrel-macos-arm64 0.2.0 17.00 OK
r-oldrel-macos-x86_64 0.2.0 24.00 OK
r-oldrel-windows-x86_64 0.2.0 6.00 49.00 55.00 OK

Check Details

Version: 0.2.0
Check: CRAN incoming feasibility
Result: NOTE Maintainer: ‘Joachim Zuckarelli <joachim@zuckarelli.de>’ No Authors@R field in DESCRIPTION. Please add one, modifying Authors@R: person(given = "Joachim", family = "Zuckarelli", role = c("aut", "cre"), email = "joachim@zuckarelli.de") as necessary. Package CITATION file contains call(s) to old-style citEntry(). Please use bibentry() instead. Flavors: r-devel-linux-x86_64-debian-clang, r-devel-linux-x86_64-debian-gcc