CRAN Package Check Results for Package quantoptr

Last updated on 2025-04-28 18:50:18 CEST.

Flavor Version Tinstall Tcheck Ttotal Status Flags
r-devel-linux-x86_64-debian-clang 0.1.3 9.45 77.13 86.58 OK
r-devel-linux-x86_64-debian-gcc 0.1.3 6.66 56.47 63.13 OK
r-devel-linux-x86_64-fedora-clang 0.1.3 138.42 OK
r-devel-linux-x86_64-fedora-gcc 0.1.3 133.76 OK
r-devel-windows-x86_64 0.1.3 10.00 90.00 100.00 OK
r-patched-linux-x86_64 0.1.3 9.28 75.10 84.38 OK
r-release-linux-x86_64 0.1.3 8.76 75.60 84.36 OK
r-release-macos-arm64 0.1.3 39.00 OK
r-release-macos-x86_64 0.1.3 91.00 OK
r-release-windows-x86_64 0.1.3 10.00 86.00 96.00 OK
r-oldrel-macos-arm64 0.1.3 37.00 NOTE
r-oldrel-macos-x86_64 0.1.3 62.00 NOTE
r-oldrel-windows-x86_64 0.1.3 13.00 109.00 122.00 NOTE

Check Details

Version: 0.1.3
Check: LazyData
Result: NOTE 'LazyData' is specified without a 'data' directory Flavors: r-oldrel-macos-arm64, r-oldrel-macos-x86_64, r-oldrel-windows-x86_64