Last updated on 2025-07-04 07:49:37 CEST.
Flavor | Version | Tinstall | Tcheck | Ttotal | Status | Flags |
---|---|---|---|---|---|---|
r-devel-linux-x86_64-debian-clang | 1.0.2 | 11.26 | 126.20 | 137.46 | OK | |
r-devel-linux-x86_64-debian-gcc | 1.0.2 | 7.42 | 87.19 | 94.61 | OK | |
r-devel-linux-x86_64-fedora-clang | 1.0.2 | 212.99 | OK | |||
r-devel-linux-x86_64-fedora-gcc | 1.0.2 | 204.41 | OK | |||
r-devel-windows-x86_64 | 1.0.2 | 11.00 | 127.00 | 138.00 | OK | |
r-patched-linux-x86_64 | 1.0.2 | 12.24 | 112.89 | 125.13 | OK | |
r-release-linux-x86_64 | 1.0.2 | 9.76 | 112.23 | 121.99 | OK | |
r-release-macos-arm64 | 1.0.2 | 68.00 | OK | |||
r-release-macos-x86_64 | 1.0.2 | 125.00 | OK | |||
r-release-windows-x86_64 | 1.0.2 | 12.00 | 125.00 | 137.00 | OK | |
r-oldrel-macos-arm64 | 1.0.2 | 58.00 | NOTE | |||
r-oldrel-macos-x86_64 | 1.0.2 | 109.00 | NOTE | |||
r-oldrel-windows-x86_64 | 1.0.2 | 16.00 | 167.00 | 183.00 | NOTE |
Version: 1.0.2
Check: package dependencies
Result: NOTE
Package suggested but not available for checking: ‘fastshp’
Flavors: r-oldrel-macos-arm64, r-oldrel-macos-x86_64, r-oldrel-windows-x86_64