Last updated on 2025-04-29 06:49:52 CEST.
Flavor | Version | Tinstall | Tcheck | Ttotal | Status | Flags |
---|---|---|---|---|---|---|
r-devel-linux-x86_64-debian-clang | 0.1.5.1 | 7.63 | 174.13 | 181.76 | OK | |
r-devel-linux-x86_64-debian-gcc | 0.1.5.1 | 5.26 | 121.41 | 126.67 | NOTE | |
r-devel-linux-x86_64-fedora-clang | 0.1.5.1 | 280.47 | OK | |||
r-devel-linux-x86_64-fedora-gcc | 0.1.5.1 | 265.93 | OK | |||
r-devel-windows-x86_64 | 0.1.5.1 | 9.00 | 179.00 | 188.00 | OK | |
r-patched-linux-x86_64 | 0.1.5.1 | 7.01 | 168.06 | 175.07 | OK | |
r-release-linux-x86_64 | 0.1.5.1 | 6.22 | 169.54 | 175.76 | OK | |
r-release-macos-arm64 | 0.1.5.1 | 76.00 | OK | |||
r-release-macos-x86_64 | 0.1.5.1 | 164.00 | OK | |||
r-release-windows-x86_64 | 0.1.5.1 | 10.00 | 172.00 | 182.00 | OK | |
r-oldrel-macos-arm64 | 0.1.5.1 | 72.00 | OK | |||
r-oldrel-macos-x86_64 | 0.1.5.1 | 133.00 | OK | |||
r-oldrel-windows-x86_64 | 0.1.5.1 | 12.00 | 225.00 | 237.00 | OK |
Version: 0.1.5.1
Check: CRAN incoming feasibility
Result: NOTE
Maintainer: ‘Linares Daniel <danilinares@gmail.com>’
Package CITATION file contains call(s) to old-style personList() or
as.personList(). Please use c() on person objects instead.
Package CITATION file contains call(s) to old-style citEntry(). Please
use bibentry() instead.
Flavor: r-devel-linux-x86_64-debian-gcc
Version: 0.1.5.1
Check: examples
Result: NOTE
Examples with CPU (user + system) or elapsed time > 5s
user system elapsed
deviance 8.768 0.268 9.829
logliksboot 8.213 0.008 8.885
logliksbootsaturated 8.040 0.011 8.722
devianceboot 7.770 0.060 8.463
ypred 7.751 0.004 9.207
loglikssaturated 6.812 0.016 7.467
plotpar 6.486 0.019 7.203
plotthresholds_ 6.154 0.012 7.549
plotthresholds 5.852 0.016 6.515
quickpsy 5.517 0.015 6.315
plotcurves_ 4.851 0.012 6.141
plotcurves 4.531 0.003 5.353
Flavor: r-devel-linux-x86_64-debian-gcc