Last updated on 2025-07-04 19:50:28 CEST.
Flavor | Version | Tinstall | Tcheck | Ttotal | Status | Flags |
---|---|---|---|---|---|---|
r-devel-linux-x86_64-debian-clang | 1.0.0 | 16.27 | 83.98 | 100.25 | OK | |
r-devel-linux-x86_64-debian-gcc | 1.0.0 | 12.03 | 58.42 | 70.45 | OK | |
r-devel-linux-x86_64-fedora-clang | 1.0.0 | 164.32 | OK | |||
r-devel-linux-x86_64-fedora-gcc | 1.0.0 | 165.64 | OK | |||
r-devel-windows-x86_64 | 1.0.0 | 24.00 | 124.00 | 148.00 | OK | |
r-patched-linux-x86_64 | 1.0.0 | 17.13 | 79.38 | 96.51 | OK | |
r-release-linux-x86_64 | 1.0.0 | 14.47 | 77.72 | 92.19 | OK | |
r-release-macos-arm64 | 1.0.0 | 52.00 | OK | |||
r-release-macos-x86_64 | 1.0.0 | 106.00 | OK | |||
r-release-windows-x86_64 | 1.0.0 | 23.00 | 126.00 | 149.00 | OK | |
r-oldrel-macos-arm64 | 1.0.0 | 57.00 | NOTE | |||
r-oldrel-macos-x86_64 | 1.0.0 | 110.00 | NOTE | |||
r-oldrel-windows-x86_64 | 1.0.0 | 30.00 | 156.00 | 186.00 | NOTE |
Version: 1.0.0
Check: installed package size
Result: NOTE
installed size is 7.3Mb
sub-directories of 1Mb or more:
extdata 5.9Mb
libs 1.0Mb
Flavors: r-oldrel-macos-arm64, r-oldrel-macos-x86_64, r-oldrel-windows-x86_64