Last updated on 2025-04-29 06:49:53 CEST.
Flavor | Version | Tinstall | Tcheck | Ttotal | Status | Flags |
---|---|---|---|---|---|---|
r-devel-linux-x86_64-debian-clang | 1.0.2 | 2.39 | 24.66 | 27.05 | OK | |
r-devel-linux-x86_64-debian-gcc | 1.0.2 | 1.98 | 19.17 | 21.15 | NOTE | |
r-devel-linux-x86_64-fedora-clang | 1.0.2 | 45.25 | OK | |||
r-devel-linux-x86_64-fedora-gcc | 1.0.2 | 40.74 | OK | |||
r-devel-windows-x86_64 | 1.0.2 | 3.00 | 49.00 | 52.00 | OK | |
r-patched-linux-x86_64 | 1.0.2 | 2.74 | 23.90 | 26.64 | OK | |
r-release-linux-x86_64 | 1.0.2 | 2.59 | 23.75 | 26.34 | OK | |
r-release-macos-arm64 | 1.0.2 | 19.00 | OK | |||
r-release-macos-x86_64 | 1.0.2 | 31.00 | OK | |||
r-release-windows-x86_64 | 1.0.2 | 3.00 | 52.00 | 55.00 | OK | |
r-oldrel-macos-arm64 | 1.0.2 | 18.00 | OK | |||
r-oldrel-macos-x86_64 | 1.0.2 | 32.00 | OK | |||
r-oldrel-windows-x86_64 | 1.0.2 | 5.00 | 51.00 | 56.00 | OK |
Version: 1.0.2
Check: CRAN incoming feasibility
Result: NOTE
Maintainer: ‘Patricia Conde-Clemente <patricia.condeclemente@gmail.com>’
No Authors@R field in DESCRIPTION.
Please add one, modifying
Authors@R: c(person(given = "Patricia",
family = "Conde-Clemente",
role = c("aut", "cre"),
email = "patricia.condeclemente@gmail.com"),
person(given = c("Jose", "M."),
family = "Alonso",
role = "aut"),
person(given = "Gracian",
family = "Trivino",
role = "aut"))
as necessary.
Package CITATION file contains call(s) to old-style personList() or
as.personList(). Please use c() on person objects instead.
Package CITATION file contains call(s) to old-style citEntry(). Please
use bibentry() instead.
Flavor: r-devel-linux-x86_64-debian-gcc