Last updated on 2025-04-28 18:50:20 CEST.
Flavor | Version | Tinstall | Tcheck | Ttotal | Status | Flags |
---|---|---|---|---|---|---|
r-devel-linux-x86_64-debian-clang | 1.11.4.1 | 4.27 | 44.95 | 49.22 | OK | |
r-devel-linux-x86_64-debian-gcc | 1.11.4.1 | 2.81 | 34.46 | 37.27 | NOTE | |
r-devel-linux-x86_64-fedora-clang | 1.11.4.1 | 83.83 | OK | |||
r-devel-linux-x86_64-fedora-gcc | 1.11.4.1 | 90.86 | OK | |||
r-devel-windows-x86_64 | 1.11.4.1 | 5.00 | 73.00 | 78.00 | OK | |
r-patched-linux-x86_64 | 1.11.4.1 | 4.94 | 44.24 | 49.18 | OK | |
r-release-linux-x86_64 | 1.11.4.1 | 3.24 | 44.05 | 47.29 | OK | |
r-release-macos-arm64 | 1.11.4.1 | 34.00 | OK | |||
r-release-macos-x86_64 | 1.11.4.1 | 58.00 | OK | |||
r-release-windows-x86_64 | 1.11.4.1 | 5.00 | 79.00 | 84.00 | OK | |
r-oldrel-macos-arm64 | 1.11.4.1 | 34.00 | OK | |||
r-oldrel-macos-x86_64 | 1.11.4.1 | 48.00 | OK | |||
r-oldrel-windows-x86_64 | 1.11.4.1 | 7.00 | 82.00 | 89.00 | OK |
Version: 1.11.4.1
Check: CRAN incoming feasibility
Result: NOTE
Maintainer: ‘Luke Winslow <lawinslow@gmail.com>’
No Authors@R field in DESCRIPTION.
Please add one, modifying
Authors@R: c(person(given = "Luke",
family = "Winslow",
role = c("aut", "cre"),
email = "lawinslow@gmail.com"),
person(given = "Jordan",
family = "Read",
role = "aut"),
person(given = "Richard",
family = "Woolway",
role = "aut"),
person(given = "Jennifer",
family = "Brentrup",
role = "aut"),
person(given = "Taylor",
family = "Leach",
role = "aut"),
person(given = "Jake",
family = "Zwart",
role = "aut"),
person(given = "Sam",
family = "Albers",
role = "aut"),
person(given = "Doug",
family = "Collinge",
role = "aut"))
as necessary.
Flavor: r-devel-linux-x86_64-debian-gcc