Last updated on 2025-04-28 18:50:20 CEST.
Flavor | Version | Tinstall | Tcheck | Ttotal | Status | Flags |
---|---|---|---|---|---|---|
r-devel-linux-x86_64-debian-clang | 1.0.2 | 5.08 | 31.14 | 36.22 | OK | |
r-devel-linux-x86_64-debian-gcc | 1.0.2 | 3.13 | 23.73 | 26.86 | NOTE | |
r-devel-linux-x86_64-fedora-clang | 1.0.2 | 61.27 | OK | |||
r-devel-linux-x86_64-fedora-gcc | 1.0.2 | 54.44 | OK | |||
r-devel-windows-x86_64 | 1.0.2 | 5.00 | 52.00 | 57.00 | OK | |
r-patched-linux-x86_64 | 1.0.2 | 4.67 | 30.53 | 35.20 | OK | |
r-release-linux-x86_64 | 1.0.2 | 4.46 | 30.36 | 34.82 | OK | |
r-release-macos-arm64 | 1.0.2 | 17.00 | OK | |||
r-release-macos-x86_64 | 1.0.2 | 34.00 | OK | |||
r-release-windows-x86_64 | 1.0.2 | 4.00 | 53.00 | 57.00 | OK | |
r-oldrel-macos-arm64 | 1.0.2 | 17.00 | OK | |||
r-oldrel-macos-x86_64 | 1.0.2 | 28.00 | OK | |||
r-oldrel-windows-x86_64 | 1.0.2 | 5.00 | 55.00 | 60.00 | OK |
Version: 1.0.2
Check: CRAN incoming feasibility
Result: NOTE
Maintainer: ‘Pierre Lafaye de Micheaux <lafaye@unsw.edu.au>’
No Authors@R field in DESCRIPTION.
Please add one, modifying
Authors@R: c(person(given = c("Pierre", "Lafaye"),
family = "de Micheaux",
role = c("aut", "cre"),
email = "lafaye@unsw.edu.au"),
person(given = "Benoit",
family = "Liquet",
role = "aut"),
person(given = "Jeremie",
family = "Riou",
role = "aut"))
as necessary.
Flavor: r-devel-linux-x86_64-debian-gcc