Last updated on 2025-07-03 19:50:39 CEST.
Flavor | Version | Tinstall | Tcheck | Ttotal | Status | Flags |
---|---|---|---|---|---|---|
r-devel-linux-x86_64-debian-clang | 1.5 | 3.26 | 28.53 | 31.79 | NOTE | |
r-devel-linux-x86_64-debian-gcc | 1.5 | 2.47 | 22.23 | 24.70 | NOTE | |
r-devel-linux-x86_64-fedora-clang | 1.5 | 48.13 | OK | |||
r-devel-linux-x86_64-fedora-gcc | 1.5 | 45.79 | OK | |||
r-devel-windows-x86_64 | 1.5 | 4.00 | 58.00 | 62.00 | OK | |
r-patched-linux-x86_64 | 1.5 | 3.50 | 26.75 | 30.25 | OK | |
r-release-linux-x86_64 | 1.5 | 2.81 | 26.51 | 29.32 | OK | |
r-release-macos-arm64 | 1.5 | 18.00 | OK | |||
r-release-macos-x86_64 | 1.5 | 39.00 | OK | |||
r-release-windows-x86_64 | 1.5 | 5.00 | 60.00 | 65.00 | OK | |
r-oldrel-macos-arm64 | 1.5 | 18.00 | OK | |||
r-oldrel-macos-x86_64 | 1.5 | 30.00 | OK | |||
r-oldrel-windows-x86_64 | 1.5 | 4.00 | 61.00 | 65.00 | OK |
Version: 1.5
Check: CRAN incoming feasibility
Result: NOTE
Maintainer: ‘Martin Zaefferer <martin.zaefferer@gmx.de>’
No Authors@R field in DESCRIPTION.
Please add one, modifying
Authors@R: c(person(given = "Wolfgang",
family = "Konen",
role = "aut",
email = "wolfgang.konen@fh-koeln.de"),
person(given = "Martin",
family = "Zaefferer",
role = c("aut", "cre"),
email = "martin.zaefferer@gmx.de"),
person(given = c("Patrick", "Koch;", "Bug"),
family = "hunting",
role = "aut"),
person(given = c("testing", "by", "Ayodele"),
family = "Fasika",
role = "aut"),
person(given = "Ashwin",
family = "Kumar",
role = "aut"),
person(given = "Prawyn",
family = "Jebakumar",
role = "aut"))
as necessary.
Flavors: r-devel-linux-x86_64-debian-clang, r-devel-linux-x86_64-debian-gcc